Last updated on 2024-07-13 05:49:16 CEST.
Flavor | Version | Tinstall | Tcheck | Ttotal | Status | Flags |
---|---|---|---|---|---|---|
r-devel-linux-x86_64-debian-clang | 0.1.2 | 129.57 | 34.86 | 164.43 | NOTE | |
r-devel-linux-x86_64-debian-gcc | 0.1.2 | 82.60 | 26.86 | 109.46 | NOTE | |
r-devel-linux-x86_64-fedora-clang | 0.1.2 | 261.33 | NOTE | |||
r-devel-linux-x86_64-fedora-gcc | 0.1.2 | 239.50 | NOTE | |||
r-devel-windows-x86_64 | 0.1.2 | 92.00 | 69.00 | 161.00 | NOTE | |
r-patched-linux-x86_64 | 0.1.2 | 91.93 | 33.10 | 125.03 | NOTE | |
r-release-linux-x86_64 | 0.1.2 | 103.41 | 32.70 | 136.11 | NOTE | |
r-release-macos-arm64 | 0.1.2 | 41.00 | NOTE | |||
r-release-macos-x86_64 | 0.1.2 | 45.00 | NOTE | |||
r-release-windows-x86_64 | 0.1.2 | 91.00 | 68.00 | 159.00 | NOTE | |
r-oldrel-macos-arm64 | 0.1.2 | 49.00 | NOTE | |||
r-oldrel-macos-x86_64 | 0.1.2 | 94.00 | NOTE | |||
r-oldrel-windows-x86_64 | 0.1.2 | 95.00 | 77.00 | 172.00 | NOTE |
Version: 0.1.2
Check: LazyData
Result: NOTE
'LazyData' is specified without a 'data' directory
Flavors: r-devel-linux-x86_64-debian-clang, r-devel-linux-x86_64-debian-gcc, r-devel-linux-x86_64-fedora-clang, r-devel-linux-x86_64-fedora-gcc, r-devel-windows-x86_64, r-patched-linux-x86_64, r-release-linux-x86_64, r-release-macos-arm64, r-release-macos-x86_64, r-release-windows-x86_64, r-oldrel-macos-arm64, r-oldrel-macos-x86_64, r-oldrel-windows-x86_64