Last updated on 2025-11-16 06:49:40 CET.
| Flavor | Version | Tinstall | Tcheck | Ttotal | Status | Flags |
|---|---|---|---|---|---|---|
| r-devel-linux-x86_64-debian-clang | 0.1.7 | 11.48 | 93.27 | 104.75 | NOTE | |
| r-devel-linux-x86_64-debian-gcc | 0.1.7 | 9.27 | 68.19 | 77.46 | NOTE | |
| r-devel-linux-x86_64-fedora-clang | 0.1.7 | 57.00 | 104.85 | 161.85 | OK | |
| r-devel-linux-x86_64-fedora-gcc | 0.1.7 | 43.00 | 119.51 | 162.51 | OK | |
| r-devel-windows-x86_64 | 0.1.7 | 14.00 | 91.00 | 105.00 | OK | |
| r-patched-linux-x86_64 | 0.1.7 | 10.83 | 84.37 | 95.20 | OK | |
| r-release-linux-x86_64 | 0.1.7 | 11.38 | 87.45 | 98.83 | OK | |
| r-release-macos-arm64 | 0.1.7 | 5.00 | 39.00 | 44.00 | OK | |
| r-release-macos-x86_64 | 0.1.7 | 12.00 | 71.00 | 83.00 | OK | |
| r-release-windows-x86_64 | 0.1.7 | 13.00 | 89.00 | 102.00 | OK | |
| r-oldrel-macos-arm64 | 0.1.7 | 5.00 | 40.00 | 45.00 | OK | |
| r-oldrel-macos-x86_64 | 0.1.7 | 8.00 | 57.00 | 65.00 | OK | |
| r-oldrel-windows-x86_64 | 0.1.7 | 19.00 | 121.00 | 140.00 | OK |
Version: 0.1.7
Check: CRAN incoming feasibility
Result: NOTE
Maintainer: ‘Babatunde Alli <babatunde.alli@mail.mcgill.ca>’
No Authors@R field in DESCRIPTION.
Please add one, modifying
Authors@R: person(given = "Babatunde",
family = "Alli",
role = c("aut", "cre"),
email = "babatunde.alli@mail.mcgill.ca")
as necessary.
Flavors: r-devel-linux-x86_64-debian-clang, r-devel-linux-x86_64-debian-gcc