CRAN Package Check Results for Package interflex

Last updated on 2025-11-16 06:49:40 CET.

Flavor Version Tinstall Tcheck Ttotal Status Flags
r-devel-linux-x86_64-debian-clang 1.2.6 64.71 152.80 217.51 WARN
r-devel-linux-x86_64-debian-gcc 1.2.6 45.94 102.24 148.18 WARN
r-devel-linux-x86_64-fedora-clang 1.2.6 220.00 170.44 390.44 NOTE
r-devel-linux-x86_64-fedora-gcc 1.2.6 151.00 177.40 328.40 NOTE
r-devel-windows-x86_64 1.2.6 80.00 149.00 229.00 NOTE
r-patched-linux-x86_64 1.2.6 66.72 145.18 211.90 NOTE
r-release-linux-x86_64 1.2.6 66.44 141.78 208.22 NOTE
r-release-macos-arm64 1.2.6 27.00 56.00 83.00 NOTE
r-release-macos-x86_64 1.2.6 37.00 133.00 170.00 NOTE
r-release-windows-x86_64 1.2.6 73.00 149.00 222.00 NOTE
r-oldrel-macos-arm64 1.2.6 26.00 54.00 80.00 NOTE
r-oldrel-macos-x86_64 1.2.6 32.00 81.00 113.00 NOTE
r-oldrel-windows-x86_64 1.2.6 95.00 218.00 313.00 NOTE

Check Details

Version: 1.2.6
Check: whether package can be installed
Result: WARN Found the following significant warnings: /home/hornik/tmp/R.check/r-devel-clang/Work/build/Packages/RcppArmadillo/include/RcppArmadillo/version/arma.h:66:17: warning: Using fallback compilation with Armadillo 14.6.3. Please consider defining -DARMA_USE_CURRENT and also removing C++11 compilation directive. See GitHub issue #475 for more. [-W#pragma-messages] See ‘/home/hornik/tmp/R.check/r-devel-clang/Work/PKGS/interflex.Rcheck/00install.out’ for details. * used C++ compiler: ‘Debian clang version 21.1.5 (1)’ Flavor: r-devel-linux-x86_64-debian-clang

Version: 1.2.6
Check: C++ specification
Result: NOTE Specified C++11: please drop specification unless essential Flavors: r-devel-linux-x86_64-debian-clang, r-devel-linux-x86_64-debian-gcc, r-devel-linux-x86_64-fedora-clang, r-devel-linux-x86_64-fedora-gcc, r-devel-windows-x86_64, r-patched-linux-x86_64, r-release-linux-x86_64, r-release-macos-arm64, r-release-macos-x86_64, r-release-windows-x86_64, r-oldrel-macos-arm64, r-oldrel-macos-x86_64, r-oldrel-windows-x86_64

Version: 1.2.6
Check: whether package can be installed
Result: WARN Found the following significant warnings: /home/hornik/tmp/R.check/r-devel-gcc/Work/build/Packages/RcppArmadillo/include/RcppArmadillo/version/arma.h:66:199: note: ‘#pragma message: Using fallback compilation with Armadillo 14.6.3. Please consider defining -DARMA_USE_CURRENT and also removing C++11 compilation directive. See GitHub issue #475 for more.’ See ‘/home/hornik/tmp/R.check/r-devel-gcc/Work/PKGS/interflex.Rcheck/00install.out’ for details. * used C++ compiler: ‘g++-15 (Debian 15.2.0-7) 15.2.0’ Flavor: r-devel-linux-x86_64-debian-gcc