Last updated on 2025-04-29 13:51:27 CEST.
Flavor | Version | Tinstall | Tcheck | Ttotal | Status | Flags |
---|---|---|---|---|---|---|
r-devel-linux-x86_64-debian-clang | 0.1.34 | 86.15 | 23.43 | 109.58 | OK | |
r-devel-linux-x86_64-debian-gcc | 0.1.34 | 68.91 | 18.77 | 87.68 | OK | |
r-devel-linux-x86_64-fedora-clang | 0.1.34 | 219.14 | OK | |||
r-devel-linux-x86_64-fedora-gcc | 0.1.34 | 222.61 | OK | |||
r-devel-windows-x86_64 | 0.1.34 | 106.00 | 48.00 | 154.00 | OK | |
r-patched-linux-x86_64 | 0.1.34 | 94.39 | 23.79 | 118.18 | OK | |
r-release-linux-x86_64 | 0.1.34 | 95.93 | 23.58 | 119.51 | OK | |
r-release-macos-arm64 | 0.1.34 | 48.00 | OK | |||
r-release-macos-x86_64 | 0.1.34 | 64.00 | OK | |||
r-release-windows-x86_64 | 0.1.34 | 105.00 | 54.00 | 159.00 | OK | |
r-oldrel-macos-arm64 | 0.1.34 | 56.00 | NOTE | |||
r-oldrel-macos-x86_64 | 0.1.34 | 69.00 | NOTE | |||
r-oldrel-windows-x86_64 | 0.1.34 | 106.00 | 49.00 | 155.00 | OK |
Version: 0.1.34
Check: installed package size
Result: NOTE
installed size is 7.2Mb
sub-directories of 1Mb or more:
libs 7.1Mb
Flavors: r-oldrel-macos-arm64, r-oldrel-macos-x86_64