Last updated on 2024-06-27 16:49:07 CEST.
Flavor | Version | Tinstall | Tcheck | Ttotal | Status | Flags |
---|---|---|---|---|---|---|
r-devel-linux-x86_64-debian-clang | 1.1-1.0 | NOTE | ||||
r-devel-linux-x86_64-debian-gcc | 1.1-1.0 | 7.69 | 73.57 | 81.26 | NOTE | |
r-devel-linux-x86_64-fedora-clang | 1.1-1.0 | 139.12 | NOTE | |||
r-devel-linux-x86_64-fedora-gcc | 1.1-1.0 | 146.11 | NOTE | |||
r-devel-windows-x86_64 | 1.1-1.0 | 9.00 | 108.00 | 117.00 | NOTE | |
r-patched-linux-x86_64 | 1.1-1.0 | 10.98 | 94.63 | 105.61 | NOTE | |
r-release-linux-x86_64 | 1.1-1.0 | 9.35 | 94.48 | 103.83 | NOTE | |
r-release-macos-arm64 | 1.1-1.0 | 44.00 | NOTE | |||
r-release-macos-x86_64 | 1.1-1.0 | 70.00 | NOTE | |||
r-release-windows-x86_64 | 1.1-1.0 | 9.00 | 110.00 | 119.00 | NOTE | |
r-oldrel-macos-arm64 | 1.1-1.0 | 51.00 | OK | |||
r-oldrel-macos-x86_64 | 1.1-1.0 | 131.00 | OK | |||
r-oldrel-windows-x86_64 | 1.1-1.0 | 11.00 | 116.00 | 127.00 | OK |
Version: 1.1-1.0
Check: Rd files
Result: NOTE
checkRd: (-1) interval-internal.Rd:40: Lost braces
40 | \item{dqfunc}{function, density of the results of the quantile function, e.g., function(x){dnorm(qnorm(x))} (used for 'general' scores,
| ^
Flavors: r-devel-linux-x86_64-debian-clang, r-devel-linux-x86_64-debian-gcc, r-devel-linux-x86_64-fedora-clang, r-devel-linux-x86_64-fedora-gcc, r-devel-windows-x86_64, r-patched-linux-x86_64, r-release-linux-x86_64, r-release-macos-arm64, r-release-macos-x86_64, r-release-windows-x86_64