Last updated on 2024-07-13 05:49:16 CEST.
Flavor | Version | Tinstall | Tcheck | Ttotal | Status | Flags |
---|---|---|---|---|---|---|
r-devel-linux-x86_64-debian-clang | 0.8.0 | 32.84 | 144.28 | 177.12 | NOTE | |
r-devel-linux-x86_64-debian-gcc | 0.8.0 | 20.75 | 128.96 | 149.71 | NOTE | |
r-devel-linux-x86_64-fedora-clang | 0.8.0 | 253.77 | NOTE | |||
r-devel-linux-x86_64-fedora-gcc | 0.8.0 | 249.07 | NOTE | |||
r-devel-windows-x86_64 | 0.8.0 | 24.00 | 136.00 | 160.00 | NOTE | |
r-patched-linux-x86_64 | 0.8.0 | 23.98 | 165.01 | 188.99 | NOTE | |
r-release-linux-x86_64 | 0.8.0 | 22.99 | 161.16 | 184.15 | NOTE | |
r-release-macos-arm64 | 0.8.0 | 61.00 | NOTE | |||
r-release-macos-x86_64 | 0.8.0 | 121.00 | NOTE | |||
r-release-windows-x86_64 | 0.8.0 | 25.00 | 139.00 | 164.00 | NOTE | |
r-oldrel-macos-arm64 | 0.8.0 | 67.00 | NOTE | |||
r-oldrel-macos-x86_64 | 0.8.0 | 119.00 | NOTE | |||
r-oldrel-windows-x86_64 | 0.8.0 | 23.00 | 176.00 | 199.00 | NOTE |
Version: 0.8.0
Check: LazyData
Result: NOTE
'LazyData' is specified without a 'data' directory
Flavors: r-devel-linux-x86_64-debian-clang, r-devel-linux-x86_64-debian-gcc, r-devel-linux-x86_64-fedora-clang, r-devel-linux-x86_64-fedora-gcc, r-devel-windows-x86_64, r-patched-linux-x86_64, r-release-linux-x86_64, r-release-macos-arm64, r-release-macos-x86_64, r-release-windows-x86_64, r-oldrel-macos-arm64, r-oldrel-macos-x86_64, r-oldrel-windows-x86_64