CRAN Package Check Results for Package intervcomp

Last updated on 2025-04-29 13:51:27 CEST.

Flavor Version Tinstall Tcheck Ttotal Status Flags
r-devel-linux-x86_64-debian-clang 0.1.2 3.13 21.96 25.09 NOTE
r-devel-linux-x86_64-debian-gcc 0.1.2 2.39 17.29 19.68 NOTE
r-devel-linux-x86_64-fedora-clang 0.1.2 39.33 OK
r-devel-linux-x86_64-fedora-gcc 0.1.2 37.21 OK
r-devel-windows-x86_64 0.1.2 4.00 43.00 47.00 OK
r-patched-linux-x86_64 0.1.2 2.87 20.95 23.82 OK
r-release-linux-x86_64 0.1.2 2.44 21.14 23.58 OK
r-release-macos-arm64 0.1.2 17.00 OK
r-release-macos-x86_64 0.1.2 35.00 OK
r-release-windows-x86_64 0.1.2 4.00 47.00 51.00 OK
r-oldrel-macos-arm64 0.1.2 18.00 OK
r-oldrel-macos-x86_64 0.1.2 24.00 OK
r-oldrel-windows-x86_64 0.1.2 4.00 42.00 46.00 OK

Check Details

Version: 0.1.2
Check: CRAN incoming feasibility
Result: NOTE Maintainer: ‘Kimihiro Noguchi <kimihiro.noguchi@wwu.edu>’ Package CITATION file contains call(s) to old-style personList() or as.personList(). Please use c() on person objects instead. Package CITATION file contains call(s) to old-style citEntry(). Please use bibentry() instead. Flavors: r-devel-linux-x86_64-debian-clang, r-devel-linux-x86_64-debian-gcc