Last updated on 2025-11-16 12:49:33 CET.
| Flavor | Version | Tinstall | Tcheck | Ttotal | Status | Flags |
|---|---|---|---|---|---|---|
| r-devel-linux-x86_64-debian-clang | 0.3.0 | 153.86 | 51.22 | 205.08 | OK | |
| r-devel-linux-x86_64-debian-gcc | 0.3.0 | 110.51 | 37.80 | 148.31 | OK | |
| r-devel-linux-x86_64-fedora-clang | 0.3.0 | 313.00 | 79.85 | 392.85 | OK | |
| r-devel-linux-x86_64-fedora-gcc | 0.3.0 | 210.00 | 154.92 | 364.92 | OK | |
| r-devel-windows-x86_64 | 0.3.0 | 179.00 | 90.00 | 269.00 | OK | |
| r-patched-linux-x86_64 | 0.3.0 | 155.04 | 48.12 | 203.16 | OK | |
| r-release-linux-x86_64 | 0.3.0 | 155.09 | 48.15 | 203.24 | OK | |
| r-release-macos-arm64 | 0.3.0 | 55.00 | 25.00 | 80.00 | OK | |
| r-release-macos-x86_64 | 0.3.0 | 140.00 | 93.00 | 233.00 | OK | |
| r-release-windows-x86_64 | 0.3.0 | 162.00 | 94.00 | 256.00 | OK | |
| r-oldrel-macos-arm64 | 0.3.0 | 57.00 | 32.00 | 89.00 | NOTE | |
| r-oldrel-macos-x86_64 | 0.3.0 | 136.00 | 123.00 | 259.00 | NOTE | |
| r-oldrel-windows-x86_64 | 0.3.0 | 201.00 | 111.00 | 312.00 | OK |
Version: 0.3.0
Check: installed package size
Result: NOTE
installed size is 11.8Mb
sub-directories of 1Mb or more:
libs 11.1Mb
Flavors: r-oldrel-macos-arm64, r-oldrel-macos-x86_64