CRAN Package Check Results for Package intsurv

Last updated on 2025-10-01 21:50:15 CEST.

Flavor Version Tinstall Tcheck Ttotal Status Flags
r-devel-linux-x86_64-debian-clang 0.3.0 156.48 51.63 208.11 OK
r-devel-linux-x86_64-debian-gcc 0.3.0 108.58 37.49 146.07 OK
r-devel-linux-x86_64-fedora-clang 0.3.0 391.72 OK
r-devel-linux-x86_64-fedora-gcc 0.3.0 380.07 OK
r-devel-windows-x86_64 0.2.2 169.00 110.00 279.00 NOTE
r-patched-linux-x86_64 0.2.2 163.56 46.60 210.16 NOTE
r-release-linux-x86_64 0.2.2 163.08 46.03 209.11 NOTE
r-release-macos-arm64 0.3.0 77.00 OK
r-release-macos-x86_64 0.3.0 233.00 OK
r-release-windows-x86_64 0.3.0 160.00 96.00 256.00 OK
r-oldrel-macos-arm64 0.2.2 81.00 NOTE
r-oldrel-macos-x86_64 0.3.0 259.00 NOTE
r-oldrel-windows-x86_64 0.3.0 153.00 113.00 266.00 OK

Check Details

Version: 0.2.2
Check: C++ specification
Result: NOTE Specified C++11: please drop specification unless essential Flavors: r-devel-windows-x86_64, r-patched-linux-x86_64, r-release-linux-x86_64, r-oldrel-macos-arm64

Version: 0.2.2
Check: Rd files
Result: NOTE checkRd: (-1) cox_cure_net.Rd:132: Lost braces 132 | \code{surv_lambda} (or code{cure_lambda}) that produces all-zero | ^ Flavors: r-devel-windows-x86_64, r-patched-linux-x86_64, r-release-linux-x86_64, r-oldrel-macos-arm64

Version: 0.2.2
Check: installed package size
Result: NOTE installed size is 11.4Mb sub-directories of 1Mb or more: libs 10.7Mb Flavor: r-oldrel-macos-arm64

Version: 0.2.2
Check: LazyData
Result: NOTE 'LazyData' is specified without a 'data' directory Flavor: r-oldrel-macos-arm64

Version: 0.3.0
Check: installed package size
Result: NOTE installed size is 12.4Mb sub-directories of 1Mb or more: libs 11.7Mb Flavor: r-oldrel-macos-x86_64