CRAN Package Check Results for Package invitroTKdata

Last updated on 2025-11-16 18:49:33 CET.

Flavor Version Tinstall Tcheck Ttotal Status Flags
r-devel-linux-x86_64-debian-clang 0.0.1 2.91 25.18 28.09 OK
r-devel-linux-x86_64-debian-gcc 0.0.1 2.18 21.12 23.30 OK
r-devel-linux-x86_64-fedora-clang 0.0.1 13.00 29.15 42.15 NOTE
r-devel-linux-x86_64-fedora-gcc 0.0.1 37.06 NOTE
r-devel-windows-x86_64 0.0.1 5.00 45.00 50.00 OK
r-patched-linux-x86_64 0.0.1 2.69 22.98 25.67 OK
r-release-linux-x86_64 0.0.1 3.49 23.12 26.61 OK
r-release-macos-arm64 0.0.1 2.00 16.00 18.00 OK
r-release-macos-x86_64 0.0.1 3.00 25.00 28.00 OK
r-release-windows-x86_64 0.0.1 5.00 45.00 50.00 OK
r-oldrel-macos-arm64 0.0.1 3.00 31.00 34.00 OK
r-oldrel-macos-x86_64 0.0.1 4.00 44.00 48.00 OK
r-oldrel-windows-x86_64 0.0.1 6.00 51.00 57.00 OK

Check Details

Version: 0.0.1
Check: dependencies in R code
Result: NOTE Namespace in Imports field not imported from: ‘Rdpack’ All declared Imports should be used. Flavors: r-devel-linux-x86_64-fedora-clang, r-devel-linux-x86_64-fedora-gcc