Last updated on 2025-04-29 13:51:27 CEST.
Flavor | Version | Tinstall | Tcheck | Ttotal | Status | Flags |
---|---|---|---|---|---|---|
r-devel-linux-x86_64-debian-clang | 0.94 | 2.12 | 21.80 | 23.92 | NOTE | |
r-devel-linux-x86_64-debian-gcc | 0.94 | 1.43 | 17.28 | 18.71 | NOTE | |
r-devel-linux-x86_64-fedora-clang | 0.94 | 37.56 | OK | |||
r-devel-linux-x86_64-fedora-gcc | 0.94 | 35.44 | OK | |||
r-devel-windows-x86_64 | 0.94 | 3.00 | 46.00 | 49.00 | OK | |
r-patched-linux-x86_64 | 0.94 | 2.33 | 20.92 | 23.25 | OK | |
r-release-linux-x86_64 | 0.94 | 2.12 | 20.94 | 23.06 | OK | |
r-release-macos-arm64 | 0.94 | 16.00 | OK | |||
r-release-macos-x86_64 | 0.94 | 27.00 | OK | |||
r-release-windows-x86_64 | 0.94 | 4.00 | 50.00 | 54.00 | OK | |
r-oldrel-macos-arm64 | 0.94 | 15.00 | OK | |||
r-oldrel-macos-x86_64 | 0.94 | 25.00 | OK | |||
r-oldrel-windows-x86_64 | 0.94 | 3.00 | 45.00 | 48.00 | OK |
Version: 0.94
Check: CRAN incoming feasibility
Result: NOTE
Maintainer: ‘Timothy L. McMurry <tmcmurry@virginia.edu>’
No Authors@R field in DESCRIPTION.
Please add one, modifying
Authors@R: c(person(given = c("Timothy", "L."),
family = "McMurry",
role = c("aut", "cre"),
email = "tmcmurry@virginia.edu"),
person(given = c("Dimitris", "N."),
family = "Politis",
role = "aut"))
as necessary.
Flavors: r-devel-linux-x86_64-debian-clang, r-devel-linux-x86_64-debian-gcc