Last updated on 2025-04-29 13:51:27 CEST.
Flavor | Version | Tinstall | Tcheck | Ttotal | Status | Flags |
---|---|---|---|---|---|---|
r-devel-linux-x86_64-debian-clang | 1.0.0 | 4.25 | 32.34 | 36.59 | NOTE | |
r-devel-linux-x86_64-debian-gcc | 1.0.0 | 3.33 | 23.50 | 26.83 | NOTE | |
r-devel-linux-x86_64-fedora-clang | 1.0.0 | 58.29 | OK | |||
r-devel-linux-x86_64-fedora-gcc | 1.0.0 | 55.53 | OK | |||
r-devel-windows-x86_64 | 1.0.0 | 6.00 | 61.00 | 67.00 | OK | |
r-patched-linux-x86_64 | 1.0.0 | 5.36 | 30.03 | 35.39 | OK | |
r-release-linux-x86_64 | 1.0.0 | 4.21 | 30.04 | 34.25 | OK | |
r-release-macos-arm64 | 1.0.0 | 19.00 | OK | |||
r-release-macos-x86_64 | 1.0.0 | 33.00 | OK | |||
r-release-windows-x86_64 | 1.0.0 | 6.00 | 64.00 | 70.00 | OK | |
r-oldrel-macos-arm64 | 1.0.0 | 19.00 | OK | |||
r-oldrel-macos-x86_64 | 1.0.0 | 27.00 | OK | |||
r-oldrel-windows-x86_64 | 1.0.0 | 6.00 | 57.00 | 63.00 | OK |
Version: 1.0.0
Check: CRAN incoming feasibility
Result: NOTE
Maintainer: ‘Rama Ranjan Panda<rrpanda.phd2018.cs@nitrr.ac.in>’
No Authors@R field in DESCRIPTION.
Please add one, modifying
Authors@R: c(person(given = c("Rama", "Ranjan"),
family = "Panda",
role = c("aut", "cre"),
email = "rrpanda.phd2018.cs@nitrr.ac.in"),
person(given = c("Naresh", "Kumar"),
family = "Nagwani",
role = "aut"))
as necessary.
Flavors: r-devel-linux-x86_64-debian-clang, r-devel-linux-x86_64-debian-gcc