Last updated on 2024-07-13 11:49:16 CEST.
Flavor | Version | Tinstall | Tcheck | Ttotal | Status | Flags |
---|---|---|---|---|---|---|
r-devel-linux-x86_64-debian-clang | 0.4.0 | 5.30 | 89.32 | 94.62 | OK | |
r-devel-linux-x86_64-debian-gcc | 0.4.0 | 4.38 | 61.92 | 66.30 | OK | |
r-devel-linux-x86_64-fedora-clang | 0.4.0 | 116.48 | NOTE | |||
r-devel-linux-x86_64-fedora-gcc | 0.4.0 | 119.28 | NOTE | |||
r-devel-windows-x86_64 | 0.4.0 | 6.00 | 78.00 | 84.00 | OK | |
r-patched-linux-x86_64 | 0.4.0 | 4.07 | 83.86 | 87.93 | OK | |
r-release-linux-x86_64 | 0.4.0 | 4.74 | 81.62 | 86.36 | OK | |
r-release-macos-arm64 | 0.4.0 | 37.00 | OK | |||
r-release-macos-x86_64 | 0.4.0 | 59.00 | OK | |||
r-release-windows-x86_64 | 0.4.0 | 5.00 | 79.00 | 84.00 | OK | |
r-oldrel-macos-arm64 | 0.4.0 | 46.00 | OK | |||
r-oldrel-macos-x86_64 | 0.4.0 | 66.00 | OK | |||
r-oldrel-windows-x86_64 | 0.4.0 | 7.00 | 96.00 | 103.00 | OK |
Version: 0.4.0
Check: data for non-ASCII characters
Result: NOTE
Note: found 104 marked UTF-8 strings
Flavors: r-devel-linux-x86_64-fedora-clang, r-devel-linux-x86_64-fedora-gcc