CRAN Package Check Results for Package isocalcR

Last updated on 2025-11-16 06:49:40 CET.

Flavor Version Tinstall Tcheck Ttotal Status Flags
r-devel-linux-x86_64-debian-clang 0.1.1 1.83 32.19 34.02 NOTE
r-devel-linux-x86_64-debian-gcc 0.1.1 1.54 26.89 28.43 NOTE
r-devel-linux-x86_64-fedora-clang 0.1.1 11.00 41.75 52.75 OK
r-devel-linux-x86_64-fedora-gcc 0.1.1 62.86 OK
r-devel-windows-x86_64 0.1.1 7.00 55.00 62.00 OK
r-patched-linux-x86_64 0.1.1 1.91 29.93 31.84 OK
r-release-linux-x86_64 0.1.1 1.80 30.29 32.09 OK
r-release-macos-arm64 0.1.1 1.00 25.00 26.00 OK
r-release-macos-x86_64 0.1.1 2.00 44.00 46.00 OK
r-release-windows-x86_64 0.1.1 4.00 56.00 60.00 OK
r-oldrel-macos-arm64 0.1.1 1.00 25.00 26.00 OK
r-oldrel-macos-x86_64 0.1.1 2.00 41.00 43.00 OK
r-oldrel-windows-x86_64 0.1.1 3.00 62.00 65.00 OK

Check Details

Version: 0.1.1
Check: CRAN incoming feasibility
Result: NOTE Maintainer: ‘Justin Mathias <justin.m.mathias@gmail.com>’ No Authors@R field in DESCRIPTION. Please add one, modifying Authors@R: person(given = "Justin", family = "Mathias", role = c("aut", "cre"), email = "justin.m.mathias@gmail.com") as necessary. Flavors: r-devel-linux-x86_64-debian-clang, r-devel-linux-x86_64-debian-gcc