Last updated on 2024-06-27 10:49:34 CEST.
Flavor | Version | Tinstall | Tcheck | Ttotal | Status | Flags |
---|---|---|---|---|---|---|
r-devel-linux-x86_64-debian-clang | 1.6.0 | NOTE | ||||
r-devel-linux-x86_64-debian-gcc | 1.6.0 | 6.95 | 57.21 | 64.16 | NOTE | |
r-devel-linux-x86_64-fedora-clang | 1.6.0 | 107.24 | NOTE | |||
r-devel-linux-x86_64-fedora-gcc | 1.6.0 | 103.09 | NOTE | |||
r-devel-windows-x86_64 | 1.6.0 | 9.00 | 77.00 | 86.00 | NOTE | |
r-patched-linux-x86_64 | 1.6.0 | 4.82 | 73.39 | 78.21 | NOTE | |
r-release-linux-x86_64 | 1.6.0 | 5.04 | 74.51 | 79.55 | NOTE | |
r-release-macos-arm64 | 1.6.0 | 33.00 | NOTE | |||
r-release-macos-x86_64 | 1.6.0 | 46.00 | NOTE | |||
r-release-windows-x86_64 | 1.6.0 | 8.00 | 79.00 | 87.00 | NOTE | |
r-oldrel-macos-arm64 | 1.6.0 | 32.00 | NOTE | |||
r-oldrel-macos-x86_64 | 1.6.0 | 51.00 | NOTE | |||
r-oldrel-windows-x86_64 | 1.6.0 | 10.00 | 86.00 | 96.00 | NOTE |
Version: 1.6.0
Check: LazyData
Result: NOTE
'LazyData' is specified without a 'data' directory
Flavors: r-devel-linux-x86_64-debian-clang, r-devel-linux-x86_64-debian-gcc, r-devel-linux-x86_64-fedora-clang, r-devel-linux-x86_64-fedora-gcc, r-devel-windows-x86_64, r-patched-linux-x86_64, r-release-linux-x86_64, r-release-macos-arm64, r-release-macos-x86_64, r-release-windows-x86_64, r-oldrel-macos-arm64, r-oldrel-macos-x86_64, r-oldrel-windows-x86_64