Last updated on 2024-08-10 16:48:58 CEST.
Flavor | Version | Tinstall | Tcheck | Ttotal | Status | Flags |
---|---|---|---|---|---|---|
r-devel-linux-x86_64-debian-clang | 0.1.0 | 2.03 | 20.30 | 22.33 | NOTE | |
r-devel-linux-x86_64-debian-gcc | 0.1.0 | 1.51 | 16.28 | 17.79 | NOTE | |
r-devel-linux-x86_64-fedora-clang | 0.1.0 | 37.47 | NOTE | |||
r-devel-linux-x86_64-fedora-gcc | 0.1.0 | 35.29 | NOTE | |||
r-devel-windows-x86_64 | 0.1.0 | 3.00 | 42.00 | 45.00 | NOTE | |
r-patched-linux-x86_64 | 0.1.0 | 2.11 | 19.54 | 21.65 | NOTE | |
r-release-linux-x86_64 | 0.1.0 | 1.89 | 19.38 | 21.27 | NOTE | |
r-release-macos-arm64 | 0.1.0 | 15.00 | NOTE | |||
r-release-macos-x86_64 | 0.1.0 | 22.00 | NOTE | |||
r-release-windows-x86_64 | 0.1.0 | 3.00 | 42.00 | 45.00 | NOTE | |
r-oldrel-macos-arm64 | 0.1.0 | 15.00 | NOTE | |||
r-oldrel-macos-x86_64 | 0.1.0 | 19.00 | NOTE | |||
r-oldrel-windows-x86_64 | 0.1.0 | 4.00 | 43.00 | 47.00 | NOTE |
Version: 0.1.0
Check: package dependencies
Result: NOTE
Package suggested but not available for checking: ‘gurobi’
Flavors: r-devel-linux-x86_64-debian-clang, r-devel-linux-x86_64-debian-gcc, r-devel-linux-x86_64-fedora-clang, r-devel-linux-x86_64-fedora-gcc, r-devel-windows-x86_64, r-patched-linux-x86_64, r-release-linux-x86_64, r-release-macos-arm64, r-release-macos-x86_64, r-release-windows-x86_64, r-oldrel-macos-arm64, r-oldrel-macos-x86_64, r-oldrel-windows-x86_64