Last updated on 2025-04-29 13:51:27 CEST.
Flavor | Version | Tinstall | Tcheck | Ttotal | Status | Flags |
---|---|---|---|---|---|---|
r-devel-linux-x86_64-debian-clang | 0.6 | 1.53 | 17.12 | 18.65 | NOTE | |
r-devel-linux-x86_64-debian-gcc | 0.6 | 1.14 | 13.80 | 14.94 | NOTE | |
r-devel-linux-x86_64-fedora-clang | 0.6 | 29.20 | OK | |||
r-devel-linux-x86_64-fedora-gcc | 0.6 | 28.33 | OK | |||
r-devel-windows-x86_64 | 0.6 | 2.00 | 35.00 | 37.00 | OK | |
r-patched-linux-x86_64 | 0.6 | 1.43 | 16.35 | 17.78 | OK | |
r-release-linux-x86_64 | 0.6 | 1.12 | 16.50 | 17.62 | OK | |
r-release-macos-arm64 | 0.6 | 13.00 | OK | |||
r-release-macos-x86_64 | 0.6 | 22.00 | OK | |||
r-release-windows-x86_64 | 0.6 | 3.00 | 38.00 | 41.00 | OK | |
r-oldrel-macos-arm64 | 0.6 | 13.00 | NOTE | |||
r-oldrel-macos-x86_64 | 0.6 | 19.00 | NOTE | |||
r-oldrel-windows-x86_64 | 0.6 | 3.00 | 33.00 | 36.00 | NOTE |
Version: 0.6
Check: CRAN incoming feasibility
Result: NOTE
Maintainer: ‘Dmitry Prokopenko <dmitry.prokopenko@uni-bonn.de>’
No Authors@R field in DESCRIPTION.
Please add one, modifying
Authors@R: person(given = "Dmitry",
family = "Prokopenko",
role = c("aut", "cre"),
email = "dmitry.prokopenko@uni-bonn.de")
as necessary.
Flavors: r-devel-linux-x86_64-debian-clang, r-devel-linux-x86_64-debian-gcc
Version: 0.6
Check: LazyData
Result: NOTE
'LazyData' is specified without a 'data' directory
Flavors: r-oldrel-macos-arm64, r-oldrel-macos-x86_64, r-oldrel-windows-x86_64