Last updated on 2025-11-16 06:49:40 CET.
| Flavor | Version | Tinstall | Tcheck | Ttotal | Status | Flags |
|---|---|---|---|---|---|---|
| r-devel-linux-x86_64-debian-clang | 0.7.3 | 507.59 | 189.81 | 697.40 | NOTE | |
| r-devel-linux-x86_64-debian-gcc | 0.7.3 | 470.60 | 172.15 | 642.75 | NOTE | |
| r-devel-linux-x86_64-fedora-clang | 0.7.3 | 1560.00 | -453.93 | 1106.07 | NOTE | |
| r-devel-linux-x86_64-fedora-gcc | 0.7.4 | 1500.00 | -31.69 | 1468.31 | NOTE | |
| r-devel-windows-x86_64 | 0.7.3 | 589.00 | 238.00 | 827.00 | NOTE | |
| r-patched-linux-x86_64 | 0.7.3 | 626.45 | 234.37 | 860.82 | OK | |
| r-release-linux-x86_64 | 0.7.3 | 637.88 | 234.99 | 872.87 | OK | |
| r-release-macos-arm64 | 0.7.3 | 214.00 | 69.00 | 283.00 | OK | |
| r-release-macos-x86_64 | 0.7.4 | 213.00 | 170.00 | 383.00 | OK | |
| r-release-windows-x86_64 | 0.7.4 | 406.00 | 237.00 | 643.00 | OK | |
| r-oldrel-macos-arm64 | 0.7.3 | 181.00 | 52.00 | 233.00 | NOTE | |
| r-oldrel-macos-x86_64 | 0.7.4 | 202.00 | 174.00 | 376.00 | NOTE | |
| r-oldrel-windows-x86_64 | 0.7.4 | 376.00 | 293.00 | 669.00 | NOTE |
Version: 0.7.3
Check: Rd files
Result: NOTE
checkRd: (-1) fairness_selection.Rd:106: height/width attributes should be in pixels
checkRd: (-1) model_fairness.Rd:153: height/width attributes should be in pixels
Flavors: r-devel-linux-x86_64-debian-clang, r-devel-linux-x86_64-debian-gcc, r-devel-linux-x86_64-fedora-clang, r-devel-windows-x86_64
Version: 0.7.3
Check: dependencies in R code
Result: NOTE
Namespaces in Imports field not imported from:
‘RcppParallel’ ‘rstantools’
All declared Imports should be used.
Flavor: r-devel-linux-x86_64-fedora-clang
Version: 0.7.4
Check: dependencies in R code
Result: NOTE
Namespaces in Imports field not imported from:
‘RcppParallel’ ‘rstantools’
All declared Imports should be used.
Flavor: r-devel-linux-x86_64-fedora-gcc
Version: 0.7.3
Check: installed package size
Result: NOTE
installed size is 102.5Mb
sub-directories of 1Mb or more:
libs 101.1Mb
Flavor: r-oldrel-macos-arm64
Version: 0.7.3
Check: for GNU extensions in Makefiles
Result: NOTE
GNU make is a SystemRequirements.
Flavor: r-oldrel-macos-arm64
Version: 0.7.4
Check: installed package size
Result: NOTE
installed size is 103.4Mb
sub-directories of 1Mb or more:
libs 102.0Mb
Flavors: r-oldrel-macos-x86_64, r-oldrel-windows-x86_64
Version: 0.7.4
Check: for GNU extensions in Makefiles
Result: NOTE
GNU make is a SystemRequirements.
Flavors: r-oldrel-macos-x86_64, r-oldrel-windows-x86_64