Last updated on 2025-04-29 13:51:28 CEST.
Flavor | Version | Tinstall | Tcheck | Ttotal | Status | Flags |
---|---|---|---|---|---|---|
r-devel-linux-x86_64-debian-clang | 1.0.1 | 6.41 | 51.17 | 57.58 | NOTE | |
r-devel-linux-x86_64-debian-gcc | 1.0.1 | 3.35 | 36.20 | 39.55 | NOTE | |
r-devel-linux-x86_64-fedora-clang | 1.0.1 | 91.62 | NOTE | |||
r-devel-linux-x86_64-fedora-gcc | 1.0.1 | 88.24 | NOTE | |||
r-devel-windows-x86_64 | 1.0.1 | 6.00 | 67.00 | 73.00 | NOTE | |
r-patched-linux-x86_64 | 1.0.1 | 5.59 | 49.46 | 55.05 | NOTE | |
r-release-linux-x86_64 | 1.0.1 | 6.04 | 50.26 | 56.30 | NOTE | |
r-release-macos-arm64 | 1.0.1 | 29.00 | NOTE | |||
r-release-macos-x86_64 | 1.0.1 | 57.00 | NOTE | |||
r-release-windows-x86_64 | 1.0.1 | 6.00 | 71.00 | 77.00 | NOTE | |
r-oldrel-macos-arm64 | 1.0.1 | 27.00 | NOTE | |||
r-oldrel-macos-x86_64 | 1.0.1 | 39.00 | NOTE | |||
r-oldrel-windows-x86_64 | 1.0.1 | 6.00 | 77.00 | 83.00 | NOTE |
Version: 1.0.1
Check: CRAN incoming feasibility
Result: NOTE
Maintainer: ‘Ka Yui Karl Wu <karlwuky@suss.edu.sg>’
No Authors@R field in DESCRIPTION.
Please add one, modifying
Authors@R: person(given = c("Ka", "Yui", "Karl"),
family = "Wu",
role = c("aut", "cre"),
email = "karlwuky@suss.edu.sg")
as necessary.
Flavors: r-devel-linux-x86_64-debian-clang, r-devel-linux-x86_64-debian-gcc
Version: 1.0.1
Check: Rd files
Result: NOTE
checkRd: (-1) jmdem.control.Rd:42: Lost braces; missing escapes or markup?
42 | The control argument of \code{jmdem} is by default passed to the control argument of {jmdem.fit}, which uses its elements as arguments to {jmdem.control}: the latter provides defaults and sanity checking.
| ^
checkRd: (-1) jmdem.control.Rd:42: Lost braces; missing escapes or markup?
42 | The control argument of \code{jmdem} is by default passed to the control argument of {jmdem.fit}, which uses its elements as arguments to {jmdem.control}: the latter provides defaults and sanity checking.
| ^
Flavors: r-devel-linux-x86_64-debian-clang, r-devel-linux-x86_64-debian-gcc, r-devel-linux-x86_64-fedora-clang, r-devel-linux-x86_64-fedora-gcc, r-devel-windows-x86_64, r-patched-linux-x86_64, r-release-linux-x86_64, r-release-macos-arm64, r-release-macos-x86_64, r-release-windows-x86_64, r-oldrel-macos-arm64, r-oldrel-macos-x86_64, r-oldrel-windows-x86_64