Last updated on 2025-11-16 00:48:35 CET.
| Flavor | Version | Tinstall | Tcheck | Ttotal | Status | Flags |
|---|---|---|---|---|---|---|
| r-devel-linux-x86_64-debian-clang | 0.14.2 | 15.62 | 331.27 | 346.89 | OK | |
| r-devel-linux-x86_64-debian-gcc | 0.14.2 | 11.05 | 196.48 | 207.53 | NOTE | |
| r-devel-linux-x86_64-fedora-clang | 0.14.2 | 47.00 | 508.55 | 555.55 | OK | |
| r-devel-linux-x86_64-fedora-gcc | 0.14.2 | 34.00 | 481.06 | 515.06 | OK | |
| r-devel-windows-x86_64 | 0.14.2 | 19.00 | 285.00 | 304.00 | OK | |
| r-patched-linux-x86_64 | 0.14.2 | 17.54 | 313.69 | 331.23 | OK | |
| r-release-linux-x86_64 | 0.14.2 | 15.04 | 318.10 | 333.14 | OK | |
| r-release-macos-arm64 | 0.14.2 | 7.00 | 127.00 | 134.00 | OK | |
| r-release-macos-x86_64 | 0.14.2 | 16.00 | 330.00 | 346.00 | OK | |
| r-release-windows-x86_64 | 0.14.2 | 17.00 | 282.00 | 299.00 | OK | |
| r-oldrel-macos-arm64 | 0.14.2 | 6.00 | 117.00 | 123.00 | OK | |
| r-oldrel-macos-x86_64 | 0.14.2 | 14.00 | 296.00 | 310.00 | OK | |
| r-oldrel-windows-x86_64 | 0.14.2 | 25.00 | 445.00 | 470.00 | OK |
Version: 0.14.2
Check: CRAN incoming feasibility
Result: NOTE
Maintainer: ‘Ioannis Oikonomidis <goikon@math.uoa.gr>’
The BugReports field in DESCRIPTION has
https://github.com/thechibo/joker/issues/
which should likely be
https://github.com/thechibo/joker/issues/issues
instead.
Flavor: r-devel-linux-x86_64-debian-gcc