Last updated on 2025-04-29 13:51:28 CEST.
Flavor | Version | Tinstall | Tcheck | Ttotal | Status | Flags |
---|---|---|---|---|---|---|
r-devel-linux-x86_64-debian-clang | 1.2 | 17.95 | 53.65 | 71.60 | NOTE | |
r-devel-linux-x86_64-debian-gcc | 1.2 | 11.38 | 34.79 | 46.17 | NOTE | |
r-devel-linux-x86_64-fedora-clang | 1.2 | 118.85 | OK | |||
r-devel-linux-x86_64-fedora-gcc | 1.2 | 109.68 | OK | |||
r-devel-windows-x86_64 | 1.2 | 15.00 | 58.00 | 73.00 | OK | |
r-patched-linux-x86_64 | 1.2 | 18.37 | 50.42 | 68.79 | OK | |
r-release-linux-x86_64 | 1.2 | 17.42 | 49.17 | 66.59 | OK | |
r-release-macos-arm64 | 1.2 | 27.00 | OK | |||
r-release-macos-x86_64 | 1.2 | 55.00 | OK | |||
r-release-windows-x86_64 | 1.2 | 16.00 | 61.00 | 77.00 | OK | |
r-oldrel-macos-arm64 | 1.2 | 26.00 | OK | |||
r-oldrel-macos-x86_64 | 1.2 | 49.00 | OK | |||
r-oldrel-windows-x86_64 | 1.2 | 16.00 | 57.00 | 73.00 | OK |
Version: 1.2
Check: CRAN incoming feasibility
Result: NOTE
Maintainer: ‘Michael A Rotondi <mrotondi@yorku.ca>’
No Authors@R field in DESCRIPTION.
Please add one, modifying
Authors@R: person(given = c("Michael", "A"),
family = "Rotondi",
role = c("aut", "cre"),
email = "mrotondi@yorku.ca")
as necessary.
Flavors: r-devel-linux-x86_64-debian-clang, r-devel-linux-x86_64-debian-gcc