Last updated on 2025-04-29 13:51:28 CEST.
Flavor | Version | Tinstall | Tcheck | Ttotal | Status | Flags |
---|---|---|---|---|---|---|
r-devel-linux-x86_64-debian-clang | 0.1.2 | 15.59 | 50.93 | 66.52 | NOTE | |
r-devel-linux-x86_64-debian-gcc | 0.1.2 | 11.63 | 36.32 | 47.95 | OK | |
r-devel-linux-x86_64-fedora-clang | 0.1.2 | 108.28 | OK | |||
r-devel-linux-x86_64-fedora-gcc | 0.1.2 | 104.73 | OK | |||
r-devel-windows-x86_64 | 0.1.2 | 23.00 | 88.00 | 111.00 | OK | |
r-patched-linux-x86_64 | 0.1.2 | 15.71 | 47.58 | 63.29 | OK | |
r-release-linux-x86_64 | 0.1.2 | 15.31 | 48.26 | 63.57 | OK | |
r-release-macos-arm64 | 0.1.2 | 42.00 | OK | |||
r-release-macos-x86_64 | 0.1.2 | 54.00 | OK | |||
r-release-windows-x86_64 | 0.1.2 | 24.00 | 88.00 | 112.00 | OK | |
r-oldrel-macos-arm64 | 0.1.2 | 38.00 | OK | |||
r-oldrel-macos-x86_64 | 0.1.2 | 62.00 | OK | |||
r-oldrel-windows-x86_64 | 0.1.2 | 24.00 | 106.00 | 130.00 | OK |
Version: 0.1.2
Check: examples
Result: NOTE
Examples with CPU (user + system) or elapsed time > 5s
user system elapsed
kbal 4.188 0.314 6.2
Flavor: r-devel-linux-x86_64-debian-clang