Last updated on 2025-04-29 13:51:28 CEST.
Flavor | Version | Tinstall | Tcheck | Ttotal | Status | Flags |
---|---|---|---|---|---|---|
r-devel-linux-x86_64-debian-clang | 1.1.1 | 12.15 | 38.26 | 50.41 | NOTE | |
r-devel-linux-x86_64-debian-gcc | 1.1.1 | 8.38 | 29.32 | 37.70 | NOTE | |
r-devel-linux-x86_64-fedora-clang | 1.1.1 | 84.26 | OK | |||
r-devel-linux-x86_64-fedora-gcc | 1.1.1 | 80.65 | OK | |||
r-devel-windows-x86_64 | 1.1.1 | 16.00 | 106.00 | 122.00 | OK | |
r-patched-linux-x86_64 | 1.1.1 | 13.26 | 36.42 | 49.68 | OK | |
r-release-linux-x86_64 | 1.1.1 | 12.52 | 36.50 | 49.02 | OK | |
r-release-macos-arm64 | 1.1.1 | 54.00 | OK | |||
r-release-macos-x86_64 | 1.1.1 | 113.00 | OK | |||
r-release-windows-x86_64 | 1.1.1 | 17.00 | 111.00 | 128.00 | OK | |
r-oldrel-macos-arm64 | 1.1.1 | 50.00 | OK | |||
r-oldrel-macos-x86_64 | 1.1.1 | 62.00 | OK | |||
r-oldrel-windows-x86_64 | 1.1.1 | 19.00 | 129.00 | 148.00 | OK |
Version: 1.1.1
Check: CRAN incoming feasibility
Result: NOTE
Maintainer: ‘Kristof Meers <kristof.meers+cran@kuleuven.be>’
The Description field contains
detection proposed by Arlot et al. (2012) <arXiv:1202.3878> is then
Please refer to arXiv e-prints via their arXiv DOI <doi:10.48550/arXiv.YYMM.NNNNN>.
Flavors: r-devel-linux-x86_64-debian-clang, r-devel-linux-x86_64-debian-gcc
Version: 1.1.1
Check: examples
Result: NOTE
Examples with CPU (user + system) or elapsed time > 5s
user system elapsed
kcpRS 1.992 0.072 5.901
Flavor: r-devel-linux-x86_64-debian-clang