Last updated on 2025-04-29 13:51:28 CEST.
Flavor | Version | Tinstall | Tcheck | Ttotal | Status | Flags |
---|---|---|---|---|---|---|
r-devel-linux-x86_64-debian-clang | 2.0.3 | 17.77 | 46.54 | 64.31 | NOTE | |
r-devel-linux-x86_64-debian-gcc | 2.0.3 | 10.96 | 32.70 | 43.66 | NOTE | |
r-devel-linux-x86_64-fedora-clang | 2.0.3 | 103.64 | OK | |||
r-devel-linux-x86_64-fedora-gcc | 2.0.3 | 99.33 | OK | |||
r-devel-windows-x86_64 | 2.0.3 | 18.00 | 66.00 | 84.00 | OK | |
r-patched-linux-x86_64 | 2.0.3 | 17.94 | 44.61 | 62.55 | OK | |
r-release-linux-x86_64 | 2.0.3 | 17.47 | 44.30 | 61.77 | OK | |
r-release-macos-arm64 | 2.0.3 | 32.00 | OK | |||
r-release-macos-x86_64 | 2.0.3 | 65.00 | OK | |||
r-release-windows-x86_64 | 2.0.3 | 20.00 | 79.00 | 99.00 | OK | |
r-oldrel-macos-arm64 | 2.0.3 | 31.00 | OK | |||
r-oldrel-macos-x86_64 | 2.0.3 | 52.00 | OK | |||
r-oldrel-windows-x86_64 | 2.0.3 | 19.00 | 65.00 | 84.00 | OK |
Version: 2.0.3
Check: CRAN incoming feasibility
Result: NOTE
Maintainer: ‘Boxiang Wang <boxiang-wang@uiowa.edu>’
No Authors@R field in DESCRIPTION.
Please add one, modifying
Authors@R: c(person(given = "Boxiang",
family = "Wang",
role = c("aut", "cre"),
email = "boxiang-wang@uiowa.edu"),
person(given = "Hui",
family = "Zou",
role = "aut",
email = "hzou@stat.umn.edu"))
as necessary.
Flavors: r-devel-linux-x86_64-debian-clang, r-devel-linux-x86_64-debian-gcc