Last updated on 2025-07-11 09:50:09 CEST.
Flavor | Version | Tinstall | Tcheck | Ttotal | Status | Flags |
---|---|---|---|---|---|---|
r-devel-linux-x86_64-debian-clang | 0.1.0 | 4.87 | 50.96 | 55.83 | OK | |
r-devel-linux-x86_64-debian-gcc | 0.1.0 | 3.49 | 39.67 | 43.16 | OK | |
r-devel-linux-x86_64-fedora-clang | 0.1.0 | 82.77 | OK | |||
r-devel-linux-x86_64-fedora-gcc | 0.1.0 | 79.47 | OK | |||
r-devel-windows-x86_64 | 0.1.0 | 7.00 | 65.00 | 72.00 | OK | |
r-patched-linux-x86_64 | 0.1.0 | 4.74 | 46.73 | 51.47 | OK | |
r-release-linux-x86_64 | 0.1.0 | 4.60 | 47.64 | 52.24 | OK | |
r-release-macos-arm64 | 0.1.0 | 35.00 | OK | |||
r-release-macos-x86_64 | 0.1.0 | 56.00 | OK | |||
r-release-windows-x86_64 | 0.1.0 | 7.00 | 66.00 | 73.00 | OK | |
r-oldrel-macos-arm64 | 0.1.0 | 27.00 | NOTE | |||
r-oldrel-macos-x86_64 | 0.1.0 | 42.00 | NOTE | |||
r-oldrel-windows-x86_64 | 0.1.0 | 10.00 | 81.00 | 91.00 | NOTE |
Version: 0.1.0
Check: LazyData
Result: NOTE
'LazyData' is specified without a 'data' directory
Flavors: r-oldrel-macos-arm64, r-oldrel-macos-x86_64, r-oldrel-windows-x86_64