CRAN Package Check Results for Package keys

Last updated on 2025-11-16 00:48:35 CET.

Flavor Version Tinstall Tcheck Ttotal Status Flags
r-devel-linux-x86_64-debian-clang 0.1.1 2.31 29.97 32.28 NOTE
r-devel-linux-x86_64-debian-gcc 0.1.1 2.00 24.92 26.92 NOTE
r-devel-linux-x86_64-fedora-clang 0.1.1 12.00 38.72 50.72 NOTE
r-devel-linux-x86_64-fedora-gcc 0.1.1 58.40 NOTE
r-devel-windows-x86_64 0.1.1 5.00 47.00 52.00 NOTE
r-patched-linux-x86_64 0.1.1 2.51 27.82 30.33 NOTE
r-release-linux-x86_64 0.1.1 2.13 27.99 30.12 NOTE
r-release-macos-arm64 0.1.1 2.00 46.00 48.00 NOTE
r-release-macos-x86_64 0.1.1 4.00 58.00 62.00 NOTE
r-release-windows-x86_64 0.1.1 5.00 47.00 52.00 NOTE
r-oldrel-macos-arm64 0.1.1 1.00 24.00 25.00 NOTE
r-oldrel-macos-x86_64 0.1.1 2.00 34.00 36.00 NOTE
r-oldrel-windows-x86_64 0.1.1 5.00 106.00 111.00 NOTE

Check Details

Version: 0.1.1
Check: Rd files
Result: NOTE checkRd: (-1) useKeys.Rd:13: Lost braces; missing escapes or markup? 13 | This function adds the {keys} dependencies to your application | ^ Flavors: r-devel-linux-x86_64-debian-clang, r-devel-linux-x86_64-debian-gcc, r-devel-linux-x86_64-fedora-clang, r-devel-linux-x86_64-fedora-gcc, r-devel-windows-x86_64, r-patched-linux-x86_64, r-release-linux-x86_64, r-release-macos-arm64, r-release-macos-x86_64, r-release-windows-x86_64, r-oldrel-macos-arm64, r-oldrel-macos-x86_64, r-oldrel-windows-x86_64