CRAN Package Check Results for Package khroma

Last updated on 2025-07-18 13:49:35 CEST.

Flavor Version Tinstall Tcheck Ttotal Status Flags
r-devel-linux-x86_64-debian-clang 1.16.0 6.21 136.67 142.88 NOTE
r-devel-linux-x86_64-debian-gcc 1.16.0 5.08 96.29 101.37 NOTE
r-devel-linux-x86_64-fedora-clang 1.16.0 211.69 OK
r-devel-linux-x86_64-fedora-gcc 1.16.0 216.03 OK
r-devel-windows-x86_64 1.16.0 10.00 178.00 188.00 OK
r-patched-linux-x86_64 1.16.0 12.48 129.45 141.93 OK
r-release-linux-x86_64 1.16.0 5.91 129.33 135.24 OK
r-release-macos-arm64 1.16.0 65.00 OK
r-release-macos-x86_64 1.16.0 131.00 OK
r-release-windows-x86_64 1.16.0 9.00 174.00 183.00 OK
r-oldrel-macos-arm64 1.16.0 97.00 OK
r-oldrel-macos-x86_64 1.16.0 185.00 OK
r-oldrel-windows-x86_64 1.16.0 9.00 221.00 230.00 OK

Check Details

Version: 1.16.0
Check: DESCRIPTION meta-information
Result: NOTE Author field differs from that derived from Authors@R Author: ‘Nicolas Frerebeau [aut, cre] (<https://orcid.org/0000-0001-5759-4944>), Brice Lebrun [art] (<https://orcid.org/0000-0001-7503-8685>, Logo designer), Vincent Arel-Bundock [ctb] (<https://orcid.org/0000-0003-2042-7063>), Ulrik Stervbo [ctb] (<https://orcid.org/0000-0002-2831-8868>), Université Bordeaux Montaigne [fnd] (03pbgwk21), CNRS [fnd] (02feahw73)’ Authors@R: ‘Nicolas Frerebeau [aut, cre] (ORCID: <https://orcid.org/0000-0001-5759-4944>), Brice Lebrun [art] (ORCID: <https://orcid.org/0000-0001-7503-8685>, Logo designer), Vincent Arel-Bundock [ctb] (ORCID: <https://orcid.org/0000-0003-2042-7063>), Ulrik Stervbo [ctb] (ORCID: <https://orcid.org/0000-0002-2831-8868>), Université Bordeaux Montaigne [fnd] (ROR: <https://ror.org/03pbgwk21>), CNRS [fnd] (ROR: <https://ror.org/02feahw73>)’ Flavors: r-devel-linux-x86_64-debian-clang, r-devel-linux-x86_64-debian-gcc