Last updated on 2025-04-29 13:51:28 CEST.
Flavor | Version | Tinstall | Tcheck | Ttotal | Status | Flags |
---|---|---|---|---|---|---|
r-devel-linux-x86_64-debian-clang | 1.0-4 | 3.28 | 149.41 | 152.69 | NOTE | |
r-devel-linux-x86_64-debian-gcc | 1.0-4 | 2.53 | 94.22 | 96.75 | OK | |
r-devel-linux-x86_64-fedora-clang | 1.0-4 | 263.81 | OK | |||
r-devel-linux-x86_64-fedora-gcc | 1.0-4 | 257.14 | OK | |||
r-devel-windows-x86_64 | 1.0-4 | 6.00 | 161.00 | 167.00 | OK | |
r-patched-linux-x86_64 | 1.0-4 | 4.03 | 137.26 | 141.29 | OK | |
r-release-linux-x86_64 | 1.0-4 | 3.72 | 148.00 | 151.72 | OK | |
r-release-macos-arm64 | 1.0-4 | 78.00 | OK | |||
r-release-macos-x86_64 | 1.0-4 | 159.00 | OK | |||
r-release-windows-x86_64 | 1.0-4 | 8.00 | 165.00 | 173.00 | OK | |
r-oldrel-macos-arm64 | 1.0-4 | 62.00 | OK | |||
r-oldrel-macos-x86_64 | 1.0-4 | 100.00 | OK | |||
r-oldrel-windows-x86_64 | 1.0-4 | 5.00 | 156.00 | 161.00 | OK |
Version: 1.0-4
Check: examples
Result: NOTE
Examples with CPU (user + system) or elapsed time > 5s
user system elapsed
overunder 5.329 0 6.552
Flavor: r-devel-linux-x86_64-debian-clang