CRAN Package Check Results for Package krippendorffsalpha

Last updated on 2025-04-29 13:51:28 CEST.

Flavor Version Tinstall Tcheck Ttotal Status Flags
r-devel-linux-x86_64-debian-clang 2.0 2.16 29.96 32.12 NOTE
r-devel-linux-x86_64-debian-gcc 2.0 1.70 22.76 24.46 NOTE
r-devel-linux-x86_64-fedora-clang 2.0 49.88 OK
r-devel-linux-x86_64-fedora-gcc 2.0 47.55 OK
r-devel-windows-x86_64 2.0 3.00 51.00 54.00 OK
r-patched-linux-x86_64 2.0 2.29 28.76 31.05 OK
r-release-linux-x86_64 2.0 1.68 28.70 30.38 OK
r-release-macos-arm64 2.0 20.00 OK
r-release-macos-x86_64 2.0 35.00 OK
r-release-windows-x86_64 2.0 4.00 53.00 57.00 OK
r-oldrel-macos-arm64 2.0 19.00 OK
r-oldrel-macos-x86_64 2.0 27.00 OK
r-oldrel-windows-x86_64 2.0 3.00 54.00 57.00 OK

Check Details

Version: 2.0
Check: CRAN incoming feasibility
Result: NOTE Maintainer: ‘John Hughes <drjphughesjr@gmail.com>’ No Authors@R field in DESCRIPTION. Please add one, modifying Authors@R: person(given = "John", family = "Hughes", role = c("aut", "cre"), email = "drjphughesjr@gmail.com") as necessary. Flavors: r-devel-linux-x86_64-debian-clang, r-devel-linux-x86_64-debian-gcc