Last updated on 2025-04-29 13:51:28 CEST.
Flavor | Version | Tinstall | Tcheck | Ttotal | Status | Flags |
---|---|---|---|---|---|---|
r-devel-linux-x86_64-debian-clang | 1.0 | 1.43 | 27.95 | 29.38 | NOTE | |
r-devel-linux-x86_64-debian-gcc | 1.0 | 1.54 | 21.00 | 22.54 | NOTE | |
r-devel-linux-x86_64-fedora-clang | 1.0 | 45.05 | OK | |||
r-devel-linux-x86_64-fedora-gcc | 1.0 | 42.70 | OK | |||
r-devel-windows-x86_64 | 1.0 | 3.00 | 56.00 | 59.00 | OK | |
r-patched-linux-x86_64 | 1.0 | 1.96 | 27.08 | 29.04 | OK | |
r-release-linux-x86_64 | 1.0 | 1.83 | 26.36 | 28.19 | OK | |
r-release-macos-arm64 | 1.0 | 21.00 | OK | |||
r-release-macos-x86_64 | 1.0 | 35.00 | OK | |||
r-release-windows-x86_64 | 1.0 | 3.00 | 58.00 | 61.00 | OK | |
r-oldrel-macos-arm64 | 1.0 | 20.00 | OK | |||
r-oldrel-macos-x86_64 | 1.0 | 29.00 | OK | |||
r-oldrel-windows-x86_64 | 1.0 | 3.00 | 55.00 | 58.00 | OK |
Version: 1.0
Check: CRAN incoming feasibility
Result: NOTE
Maintainer: ‘Westa Domanova <w.domanova@gmail.com>’
No Authors@R field in DESCRIPTION.
Please add one, modifying
Authors@R: person(given = "Westa",
family = "Domanova",
role = c("aut", "cre"),
email = "w.domanova@gmail.com")
as necessary.
Flavors: r-devel-linux-x86_64-debian-clang, r-devel-linux-x86_64-debian-gcc
Version: 1.0
Check: examples
Result: NOTE
Examples with CPU (user + system) or elapsed time > 5s
user system elapsed
clust.expand 3.73 0.079 5.074
Flavor: r-devel-linux-x86_64-debian-clang