Last updated on 2025-11-16 06:49:41 CET.
| Flavor | Version | Tinstall | Tcheck | Ttotal | Status | Flags |
|---|---|---|---|---|---|---|
| r-devel-linux-x86_64-debian-clang | 0.4.0 | 2.53 | 32.44 | 34.97 | OK | |
| r-devel-linux-x86_64-debian-gcc | 0.4.0 | 2.09 | 25.79 | 27.88 | NOTE | |
| r-devel-linux-x86_64-fedora-clang | 0.4.0 | 18.00 | 33.66 | 51.66 | OK | |
| r-devel-linux-x86_64-fedora-gcc | 0.4.0 | 46.67 | OK | |||
| r-devel-windows-x86_64 | 0.4.0 | 8.00 | 54.00 | 62.00 | OK | |
| r-patched-linux-x86_64 | 0.4.0 | 3.57 | 29.02 | 32.59 | OK | |
| r-release-linux-x86_64 | 0.4.0 | 2.98 | 29.33 | 32.31 | OK | |
| r-release-macos-arm64 | 0.4.0 | 2.00 | 31.00 | 33.00 | OK | |
| r-release-macos-x86_64 | 0.4.0 | 3.00 | 37.00 | 40.00 | OK | |
| r-release-windows-x86_64 | 0.4.0 | 6.00 | 59.00 | 65.00 | OK | |
| r-oldrel-macos-arm64 | 0.4.0 | 1.00 | 22.00 | 23.00 | OK | |
| r-oldrel-macos-x86_64 | 0.4.0 | 3.00 | 45.00 | 48.00 | OK | |
| r-oldrel-windows-x86_64 | 0.4.0 | 7.00 | 61.00 | 68.00 | OK |
Version: 0.4.0
Check: CRAN incoming feasibility
Result: NOTE
Maintainer: ‘Ignacio Ramos-Gutierrez <ig.ramosgutierrez@gmail.com>’
The BugReports field in DESCRIPTION has
https://github.com/EcologyR/labeleR/issues/
which should likely be
https://github.com/EcologyR/labeleR/issues/issues
instead.
Flavor: r-devel-linux-x86_64-debian-gcc