Last updated on 2025-07-18 13:49:35 CEST.
Flavor | Version | Tinstall | Tcheck | Ttotal | Status | Flags |
---|---|---|---|---|---|---|
r-devel-linux-x86_64-debian-clang | 0.3.1 | 94.49 | 67.62 | 162.11 | OK | |
r-devel-linux-x86_64-debian-gcc | 0.3.1 | 62.85 | 43.46 | 106.31 | OK | |
r-devel-linux-x86_64-fedora-clang | 0.3.1 | 217.90 | OK | |||
r-devel-linux-x86_64-fedora-gcc | 0.3.1 | 256.03 | OK | |||
r-devel-windows-x86_64 | 0.3.1 | 71.00 | 100.00 | 171.00 | OK | |
r-patched-linux-x86_64 | 0.3.1 | 79.14 | 64.63 | 143.77 | OK | |
r-release-linux-x86_64 | 0.3.1 | 81.86 | 63.02 | 144.88 | OK | |
r-release-macos-arm64 | 0.3.1 | 63.00 | OK | |||
r-release-macos-x86_64 | 0.3.1 | 140.00 | OK | |||
r-release-windows-x86_64 | 0.3.1 | 74.00 | 103.00 | 177.00 | OK | |
r-oldrel-macos-arm64 | 0.3.1 | 62.00 | NOTE | |||
r-oldrel-macos-x86_64 | 0.3.1 | 98.00 | NOTE | |||
r-oldrel-windows-x86_64 | 0.3.1 | 93.00 | 124.00 | 217.00 | OK |
Version: 0.3.1
Check: installed package size
Result: NOTE
installed size is 8.4Mb
sub-directories of 1Mb or more:
libs 8.2Mb
Flavors: r-oldrel-macos-arm64, r-oldrel-macos-x86_64