CRAN Package Check Results for Package langevitour

Last updated on 2025-11-16 18:49:34 CET.

Flavor Version Tinstall Tcheck Ttotal Status Flags
r-devel-linux-x86_64-debian-clang 0.8.1 1.91 28.28 30.19 OK
r-devel-linux-x86_64-debian-gcc 0.8.1 1.56 22.91 24.47 NOTE
r-devel-linux-x86_64-fedora-clang 0.8.1 49.34 OK
r-devel-linux-x86_64-fedora-gcc 0.8.1 58.44 OK
r-devel-windows-x86_64 0.8.1 7.00 47.00 54.00 OK
r-patched-linux-x86_64 0.8.1 1.71 26.24 27.95 OK
r-release-linux-x86_64 0.8.1 1.34 26.02 27.36 OK
r-release-macos-arm64 0.8.1 1.00 35.00 36.00 OK
r-release-macos-x86_64 0.8.1 2.00 45.00 47.00 OK
r-release-windows-x86_64 0.8.1 4.00 48.00 52.00 OK
r-oldrel-macos-arm64 0.8.1 1.00 27.00 28.00 OK
r-oldrel-macos-x86_64 0.8.1 2.00 49.00 51.00 OK
r-oldrel-windows-x86_64 0.8.1 4.00 56.00 60.00 OK

Check Details

Version: 0.8.1
Check: CRAN incoming feasibility
Result: NOTE Maintainer: ‘Paul Harrison <pfh@logarithmic.net>’ The BugReports field in DESCRIPTION has https://github.com/pfh/langevitour/issues/ which should likely be https://github.com/pfh/langevitour/issues/issues instead. Flavor: r-devel-linux-x86_64-debian-gcc