Last updated on 2025-11-16 00:48:35 CET.
| Flavor | Version | Tinstall | Tcheck | Ttotal | Status | Flags |
|---|---|---|---|---|---|---|
| r-devel-linux-x86_64-debian-clang | 1.6.2 | 17.92 | 413.65 | 431.57 | OK | |
| r-devel-linux-x86_64-debian-gcc | 1.6.2 | 14.35 | 275.93 | 290.28 | OK | |
| r-devel-linux-x86_64-fedora-clang | 1.6.2 | 186.00 | 494.31 | 680.31 | OK | |
| r-devel-linux-x86_64-fedora-gcc | 1.6.2 | 39.00 | 525.32 | 564.32 | OK | |
| r-devel-windows-x86_64 | 1.6.2 | 25.00 | 359.00 | 384.00 | OK | |
| r-patched-linux-x86_64 | 1.6.2 | 26.45 | 370.04 | 396.49 | OK | |
| r-release-linux-x86_64 | 1.6.2 | 18.16 | 370.37 | 388.53 | OK | |
| r-release-macos-arm64 | 1.6.2 | 9.00 | 188.00 | 197.00 | OK | |
| r-release-macos-x86_64 | 1.6.2 | 18.00 | 308.00 | 326.00 | OK | |
| r-release-windows-x86_64 | 1.6.2 | 22.00 | 362.00 | 384.00 | OK | |
| r-oldrel-macos-arm64 | 1.6.2 | 8.00 | 218.00 | 226.00 | NOTE | |
| r-oldrel-macos-x86_64 | 1.6.2 | 19.00 | 311.00 | 330.00 | NOTE | |
| r-oldrel-windows-x86_64 | 1.6.2 | 30.00 | 454.00 | 484.00 | OK |
Version: 1.6.2
Check: package dependencies
Result: NOTE
Package suggested but not available for checking: ‘mixAK’
Flavors: r-oldrel-macos-arm64, r-oldrel-macos-x86_64
Version: 1.6.2
Check: Rd cross-references
Result: NOTE
Package unavailable to check Rd xrefs: ‘mixAK’
Flavors: r-oldrel-macos-arm64, r-oldrel-macos-x86_64