Last updated on 2025-04-29 13:51:28 CEST.
Flavor | Version | Tinstall | Tcheck | Ttotal | Status | Flags |
---|---|---|---|---|---|---|
r-devel-linux-x86_64-debian-clang | 1.2-18 | 3.02 | 17.87 | 20.89 | NOTE | |
r-devel-linux-x86_64-debian-gcc | 1.2-18 | 2.24 | 14.44 | 16.68 | NOTE | |
r-devel-linux-x86_64-fedora-clang | 1.2-18 | 31.96 | NOTE | |||
r-devel-linux-x86_64-fedora-gcc | 1.2-18 | 31.33 | NOTE | |||
r-devel-windows-x86_64 | 1.2-18 | 6.00 | 38.00 | 44.00 | NOTE | |
r-patched-linux-x86_64 | 1.2-18 | 2.47 | 17.06 | 19.53 | NOTE | |
r-release-linux-x86_64 | 1.2-18 | 2.84 | 17.25 | 20.09 | NOTE | |
r-release-macos-arm64 | 1.2-18 | 17.00 | NOTE | |||
r-release-macos-x86_64 | 1.2-18 | 27.00 | NOTE | |||
r-release-windows-x86_64 | 1.2-18 | 5.00 | 41.00 | 46.00 | NOTE | |
r-oldrel-macos-arm64 | 1.2-18 | 15.00 | OK | |||
r-oldrel-macos-x86_64 | 1.2-18 | 23.00 | OK | |||
r-oldrel-windows-x86_64 | 1.2-18 | 6.00 | 38.00 | 44.00 | OK |
Version: 1.2-18
Check: CRAN incoming feasibility
Result: NOTE
Maintainer: ‘Theo Verhelst <theo.verhelst@ulb.be>’
No Authors@R field in DESCRIPTION.
Please add one, modifying
Authors@R: c(person(given = "Mauro",
family = "Birattari",
role = "aut",
email = "mauro.birattari@ulb.be"),
person(given = "Gianluca",
family = "Bontempi",
role = "aut",
email = "gianluca.bontempi@ulb.be"),
person(given = "Theo",
family = "Verhelst",
role = "cre",
email = "theo.verhelst@ulb.be"))
as necessary.
Flavors: r-devel-linux-x86_64-debian-clang, r-devel-linux-x86_64-debian-gcc
Version: 1.2-18
Check: compiled code
Result: NOTE
File ‘lazy/libs/lazy.so’:
Found non-API call to R: ‘STRING_PTR’
Compiled code should not call non-API entry points in R.
See ‘Writing portable packages’ in the ‘Writing R Extensions’ manual,
and section ‘Moving into C API compliance’ for issues with the use of
non-API entry points.
Flavors: r-devel-linux-x86_64-debian-clang, r-devel-linux-x86_64-debian-gcc, r-devel-linux-x86_64-fedora-clang, r-devel-linux-x86_64-fedora-gcc, r-patched-linux-x86_64, r-release-linux-x86_64, r-release-macos-arm64, r-release-macos-x86_64
Version: 1.2-18
Check: compiled code
Result: NOTE
File 'lazy/libs/x64/lazy.dll':
Found non-API call to R: 'STRING_PTR'
Compiled code should not call non-API entry points in R.
See 'Writing portable packages' in the 'Writing R Extensions' manual,
and section 'Moving into C API compliance' for issues with the use of
non-API entry points.
Flavors: r-devel-windows-x86_64, r-release-windows-x86_64