CRAN Package Check Results for Package lda

Last updated on 2025-11-16 12:49:34 CET.

Flavor Version Tinstall Tcheck Ttotal Status Flags
r-devel-linux-x86_64-debian-clang 1.5.2 3.56 41.42 44.98 NOTE
r-devel-linux-x86_64-debian-gcc 1.5.2 3.42 34.52 37.94 NOTE
r-devel-linux-x86_64-fedora-clang 1.5.2 15.00 51.43 66.43 OK
r-devel-linux-x86_64-fedora-gcc 1.5.2 10.00 50.86 60.86 OK
r-devel-windows-x86_64 1.5.2 12.00 61.00 73.00 OK
r-patched-linux-x86_64 1.5.2 4.11 39.64 43.75 OK
r-release-linux-x86_64 1.5.2 3.86 39.01 42.87 OK
r-release-macos-arm64 1.5.2 4.00 24.00 28.00 OK
r-release-macos-x86_64 1.5.2 5.00 42.00 47.00 OK
r-release-windows-x86_64 1.5.2 7.00 61.00 68.00 OK
r-oldrel-macos-arm64 1.5.2 4.00 33.00 37.00 OK
r-oldrel-macos-x86_64 1.5.2 4.00 32.00 36.00 OK
r-oldrel-windows-x86_64 1.5.2 8.00 74.00 82.00 OK

Check Details

Version: 1.5.2
Check: CRAN incoming feasibility
Result: NOTE Maintainer: ‘Santiago Olivella <olivella@unc.edu>’ No Authors@R field in DESCRIPTION. Please add one, modifying Authors@R: c(person(given = "Jonathan", family = "Chang", role = "aut"), person(given = "Santiago", family = "Olivella", role = "cre", email = "olivella@unc.edu")) as necessary. Flavors: r-devel-linux-x86_64-debian-clang, r-devel-linux-x86_64-debian-gcc