CRAN Package Check Results for Package leaderCluster

Last updated on 2025-04-29 13:51:28 CEST.

Flavor Version Tinstall Tcheck Ttotal Status Flags
r-devel-linux-x86_64-debian-clang 1.5 2.29 16.34 18.63 NOTE
r-devel-linux-x86_64-debian-gcc 1.5 1.89 13.63 15.52 NOTE
r-devel-linux-x86_64-fedora-clang 1.5 28.94 OK
r-devel-linux-x86_64-fedora-gcc 1.5 27.73 OK
r-devel-windows-x86_64 1.5 4.00 41.00 45.00 OK
r-patched-linux-x86_64 1.5 2.09 15.63 17.72 OK
r-release-linux-x86_64 1.5 2.28 15.39 17.67 OK
r-release-macos-arm64 1.5 17.00 OK
r-release-macos-x86_64 1.5 32.00 OK
r-release-windows-x86_64 1.5 5.00 44.00 49.00 OK
r-oldrel-macos-arm64 1.5 16.00 OK
r-oldrel-macos-x86_64 1.5 21.00 OK
r-oldrel-windows-x86_64 1.5 5.00 42.00 47.00 OK

Check Details

Version: 1.5
Check: CRAN incoming feasibility
Result: NOTE Maintainer: ‘Taylor B. Arnold <tarnold2@richmond.edu>’ No Authors@R field in DESCRIPTION. Please add one, modifying Authors@R: person(given = c("Taylor", "B."), family = "Arnold", role = c("aut", "cre"), email = "tarnold2@richmond.edu") as necessary. Flavors: r-devel-linux-x86_64-debian-clang, r-devel-linux-x86_64-debian-gcc