Last updated on 2025-10-28 18:49:55 CET.
| Flavor | Version | Tinstall | Tcheck | Ttotal | Status | Flags |
|---|---|---|---|---|---|---|
| r-devel-linux-x86_64-debian-clang | 2.0.0 | 1.72 | 28.75 | 30.47 | OK | |
| r-devel-linux-x86_64-debian-gcc | 2.0.0 | 1.63 | 24.05 | 25.68 | OK | |
| r-devel-linux-x86_64-fedora-clang | 2.0.0 | 45.65 | OK | |||
| r-devel-linux-x86_64-fedora-gcc | 2.0.0 | 41.76 | OK | |||
| r-devel-windows-x86_64 | 2.0.0 | 4.00 | 51.00 | 55.00 | OK | |
| r-patched-linux-x86_64 | 2.0.0 | 1.84 | 26.72 | 28.56 | OK | |
| r-release-linux-x86_64 | 2.0.0 | 1.69 | 26.50 | 28.19 | OK | |
| r-release-macos-arm64 | 2.0.0 | 1.00 | 20.00 | 21.00 | OK | |
| r-release-macos-x86_64 | 2.0.0 | 3.00 | 51.00 | 54.00 | OK | |
| r-release-windows-x86_64 | 2.0.0 | 4.00 | 54.00 | 58.00 | OK | |
| r-oldrel-macos-arm64 | 2.0.0 | 1.00 | 20.00 | 21.00 | NOTE | |
| r-oldrel-macos-x86_64 | 2.0.0 | 3.00 | 43.00 | 46.00 | OK | |
| r-oldrel-windows-x86_64 | 2.0.0 | 5.00 | 57.00 | 62.00 | OK |
Version: 2.0.0
Check: package dependencies
Result: NOTE
Package suggested but not available for checking: ‘V8’
Flavor: r-oldrel-macos-arm64