Last updated on 2025-11-16 00:48:36 CET.
| Flavor | Version | Tinstall | Tcheck | Ttotal | Status | Flags |
|---|---|---|---|---|---|---|
| r-devel-linux-x86_64-debian-clang | 1.1.5 | 183.48 | 96.19 | 279.67 | OK | |
| r-devel-linux-x86_64-debian-gcc | 1.1.5 | 137.55 | 69.91 | 207.46 | OK | |
| r-devel-windows-x86_64 | 1.1.5 | 388.00 | 116.00 | 504.00 | OK | |
| r-patched-linux-x86_64 | 1.1.5 | 188.85 | 90.54 | 279.39 | OK | |
| r-release-linux-x86_64 | 1.1.5 | 190.70 | 90.12 | 280.82 | OK | |
| r-release-macos-arm64 | 1.1.5 | 71.00 | 27.00 | 98.00 | OK | |
| r-release-macos-x86_64 | 1.1.5 | 67.00 | 84.00 | 151.00 | OK | |
| r-release-windows-x86_64 | 1.1.5 | 309.00 | 117.00 | 426.00 | OK | |
| r-oldrel-macos-arm64 | 1.1.5 | 75.00 | 46.00 | 121.00 | NOTE | |
| r-oldrel-macos-x86_64 | 1.1.5 | 62.00 | 83.00 | 145.00 | NOTE | |
| r-oldrel-windows-x86_64 | 1.1.5 | 388.00 | 149.00 | 537.00 | NOTE |
Version: 1.1.5
Check: for GNU extensions in Makefiles
Result: NOTE
GNU make is a SystemRequirements.
Flavors: r-oldrel-macos-arm64, r-oldrel-macos-x86_64, r-oldrel-windows-x86_64