Last updated on 2024-06-27 16:49:07 CEST.
Flavor | Version | Tinstall | Tcheck | Ttotal | Status | Flags |
---|---|---|---|---|---|---|
r-devel-linux-x86_64-debian-clang | 1.1.3 | NOTE | ||||
r-devel-linux-x86_64-debian-gcc | 1.1.3 | 187.51 | 76.07 | 263.58 | NOTE | |
r-devel-windows-x86_64 | 1.1.3 | 290.00 | 110.00 | 400.00 | NOTE | |
r-patched-linux-x86_64 | 1.1.3 | 230.42 | 97.09 | 327.51 | NOTE | |
r-release-linux-x86_64 | 1.1.3 | 158.20 | 99.24 | 257.44 | NOTE | |
r-release-macos-arm64 | 1.1.3 | 119.00 | NOTE | |||
r-release-macos-x86_64 | 1.1.3 | 120.00 | NOTE | |||
r-release-windows-x86_64 | 1.1.3 | 314.00 | 115.00 | 429.00 | NOTE | |
r-oldrel-macos-arm64 | 1.1.3 | 130.00 | NOTE | |||
r-oldrel-macos-x86_64 | 1.1.3 | 142.00 | NOTE | |||
r-oldrel-windows-x86_64 | 1.1.3 | 364.00 | 132.00 | 496.00 | NOTE |
Version: 1.1.3
Check: for GNU extensions in Makefiles
Result: NOTE
GNU make is a SystemRequirements.
Flavors: r-devel-linux-x86_64-debian-clang, r-devel-linux-x86_64-debian-gcc, r-devel-windows-x86_64, r-patched-linux-x86_64, r-release-linux-x86_64, r-release-macos-arm64, r-release-macos-x86_64, r-release-windows-x86_64, r-oldrel-macos-arm64, r-oldrel-macos-x86_64, r-oldrel-windows-x86_64