Last updated on 2024-07-13 05:49:17 CEST.
Flavor | Version | Tinstall | Tcheck | Ttotal | Status | Flags |
---|---|---|---|---|---|---|
r-devel-linux-x86_64-debian-clang | 0.1.30 | 274.57 | 44.34 | 318.91 | OK | |
r-devel-linux-x86_64-debian-gcc | 0.1.30 | 203.95 | 34.41 | 238.36 | OK | |
r-devel-linux-x86_64-fedora-clang | 0.1.30 | 407.78 | OK | |||
r-devel-linux-x86_64-fedora-gcc | 0.1.30 | 419.00 | OK | |||
r-devel-windows-x86_64 | 0.1.30 | 299.00 | 98.00 | 397.00 | NOTE | |
r-patched-linux-x86_64 | 0.1.27 | 247.27 | 43.46 | 290.73 | OK | |
r-release-linux-x86_64 | 0.1.27 | 244.49 | 43.46 | 287.95 | OK | |
r-release-macos-arm64 | 0.1.30 | 140.00 | NOTE | |||
r-release-macos-x86_64 | 0.1.30 | 191.00 | NOTE | |||
r-release-windows-x86_64 | 0.1.30 | 294.00 | 99.00 | 393.00 | NOTE | |
r-oldrel-macos-arm64 | 0.1.30 | 133.00 | NOTE | |||
r-oldrel-macos-x86_64 | 0.1.30 | 174.00 | NOTE | |||
r-oldrel-windows-x86_64 | 0.1.27 | 389.00 | 123.00 | 512.00 | NOTE |
Version: 0.1.30
Check: installed package size
Result: NOTE
installed size is 5.8Mb
sub-directories of 1Mb or more:
libs 5.5Mb
Flavors: r-devel-windows-x86_64, r-release-macos-arm64, r-release-macos-x86_64, r-release-windows-x86_64, r-oldrel-macos-arm64, r-oldrel-macos-x86_64
Version: 0.1.27
Check: installed package size
Result: NOTE
installed size is 6.5Mb
sub-directories of 1Mb or more:
libs 6.2Mb
Flavor: r-oldrel-windows-x86_64