Last updated on 2025-04-29 13:51:28 CEST.
Flavor | Version | Tinstall | Tcheck | Ttotal | Status | Flags |
---|---|---|---|---|---|---|
r-devel-linux-x86_64-debian-clang | 0.2 | 1.43 | 15.53 | 16.96 | NOTE | |
r-devel-linux-x86_64-debian-gcc | 0.2 | 1.27 | 13.07 | 14.34 | NOTE | |
r-devel-linux-x86_64-fedora-clang | 0.2 | 26.48 | OK | |||
r-devel-linux-x86_64-fedora-gcc | 0.2 | 25.53 | OK | |||
r-devel-windows-x86_64 | 0.2 | 3.00 | 35.00 | 38.00 | OK | |
r-patched-linux-x86_64 | 0.2 | 1.38 | 14.89 | 16.27 | OK | |
r-release-linux-x86_64 | 0.2 | 1.16 | 14.74 | 15.90 | OK | |
r-release-macos-arm64 | 0.2 | 12.00 | OK | |||
r-release-macos-x86_64 | 0.2 | 21.00 | OK | |||
r-release-windows-x86_64 | 0.2 | 2.00 | 38.00 | 40.00 | OK | |
r-oldrel-macos-arm64 | 0.2 | 12.00 | NOTE | |||
r-oldrel-macos-x86_64 | 0.2 | 18.00 | NOTE | |||
r-oldrel-windows-x86_64 | 0.2 | 2.00 | 33.00 | 35.00 | NOTE |
Version: 0.2
Check: CRAN incoming feasibility
Result: NOTE
Maintainer: ‘Lucas Processi <lucasprocessi@gmail.com>’
No Authors@R field in DESCRIPTION.
Please add one, modifying
Authors@R: c(person(given = "Lucas",
family = "Processi",
role = c("aut", "cre"),
email = "lucasprocessi@gmail.com"),
person(given = "Luiz",
family = "Aizemberg",
role = "aut"))
as necessary.
Flavors: r-devel-linux-x86_64-debian-clang, r-devel-linux-x86_64-debian-gcc
Version: 0.2
Check: LazyData
Result: NOTE
'LazyData' is specified without a 'data' directory
Flavors: r-oldrel-macos-arm64, r-oldrel-macos-x86_64, r-oldrel-windows-x86_64