CRAN Package Check Results for Package lestat

Last updated on 2025-04-29 19:50:36 CEST.

Flavor Version Tinstall Tcheck Ttotal Status Flags
r-devel-linux-x86_64-debian-clang 1.9 5.83 40.70 46.53 NOTE
r-devel-linux-x86_64-debian-gcc 1.9 3.29 29.70 32.99 NOTE
r-devel-linux-x86_64-fedora-clang 1.9 72.45 OK
r-devel-linux-x86_64-fedora-gcc 1.9 68.74 OK
r-devel-windows-x86_64 1.9 7.00 65.00 72.00 OK
r-patched-linux-x86_64 1.9 6.76 38.16 44.92 OK
r-release-linux-x86_64 1.9 4.22 38.09 42.31 OK
r-release-macos-arm64 1.9 21.00 OK
r-release-macos-x86_64 1.9 40.00 OK
r-release-windows-x86_64 1.9 8.00 69.00 77.00 OK
r-oldrel-macos-arm64 1.9 21.00 OK
r-oldrel-macos-x86_64 1.9 33.00 OK
r-oldrel-windows-x86_64 1.9 8.00 69.00 77.00 OK

Check Details

Version: 1.9
Check: CRAN incoming feasibility
Result: NOTE Maintainer: ‘Petter Mostad <mostad@chalmers.se>’ No Authors@R field in DESCRIPTION. Please add one, modifying Authors@R: person(given = "Petter", family = "Mostad", role = c("aut", "cre"), email = "mostad@chalmers.se") as necessary. Flavors: r-devel-linux-x86_64-debian-clang, r-devel-linux-x86_64-debian-gcc