Last updated on 2025-11-16 00:48:36 CET.
| Flavor | Version | Tinstall | Tcheck | Ttotal | Status | Flags |
|---|---|---|---|---|---|---|
| r-devel-linux-x86_64-debian-clang | 0.5.2 | 9.75 | 35.24 | 44.99 | NOTE | |
| r-devel-linux-x86_64-debian-gcc | 0.5.2 | 7.17 | 28.58 | 35.75 | NOTE | |
| r-devel-linux-x86_64-fedora-clang | 0.5.2 | 58.00 | 22.36 | 80.36 | OK | |
| r-devel-linux-x86_64-fedora-gcc | 0.5.2 | 24.00 | 60.26 | 84.26 | OK | |
| r-devel-windows-x86_64 | 0.5.2 | 19.00 | 69.00 | 88.00 | OK | |
| r-patched-linux-x86_64 | 0.5.2 | 9.72 | 33.61 | 43.33 | OK | |
| r-release-linux-x86_64 | 0.5.2 | 9.97 | 33.03 | 43.00 | OK | |
| r-release-macos-arm64 | 0.5.2 | 8.00 | 42.00 | 50.00 | OK | |
| r-release-macos-x86_64 | 0.5.2 | 13.00 | 55.00 | 68.00 | OK | |
| r-release-windows-x86_64 | 0.5.2 | 16.00 | 71.00 | 87.00 | OK | |
| r-oldrel-macos-arm64 | 0.5.2 | 6.00 | 27.00 | 33.00 | OK | |
| r-oldrel-macos-x86_64 | 0.5.2 | 8.00 | 55.00 | 63.00 | OK | |
| r-oldrel-windows-x86_64 | 0.5.2 | 20.00 | 84.00 | 104.00 | OK |
Version: 0.5.2
Check: CRAN incoming feasibility
Result: NOTE
Maintainer: ‘Adam Spannbauer <spannbaueradam@gmail.com>’
No Authors@R field in DESCRIPTION.
Please add one, modifying
Authors@R: c(person(given = "Adam",
family = "Spannbauer",
role = c("aut", "cre"),
email = "spannbaueradam@gmail.com"),
person(given = "Bryan",
family = "White",
role = "ctb"))
as necessary.
Flavor: r-devel-linux-x86_64-debian-clang
Version: 0.5.2
Check: CRAN incoming feasibility
Result: NOTE
Maintainer: ‘Adam Spannbauer <spannbaueradam@gmail.com>’
No Authors@R field in DESCRIPTION.
Please add one, modifying
Authors@R: c(person(given = "Adam",
family = "Spannbauer",
role = c("aut", "cre"),
email = "spannbaueradam@gmail.com"),
person(given = "Bryan",
family = "White",
role = "ctb"))
as necessary.
The BugReports field in DESCRIPTION has
https://github.com/AdamSpannbauer/lexRankr/issues/
which should likely be
https://github.com/AdamSpannbauer/lexRankr/issues/issues
instead.
Flavor: r-devel-linux-x86_64-debian-gcc