Last updated on 2025-11-16 00:48:36 CET.
| Flavor | Version | Tinstall | Tcheck | Ttotal | Status | Flags |
|---|---|---|---|---|---|---|
| r-devel-linux-x86_64-debian-clang | 1.1 | 29.38 | 131.52 | 160.90 | OK | |
| r-devel-linux-x86_64-debian-gcc | 1.1 | 21.10 | 102.86 | 123.96 | OK | |
| r-devel-linux-x86_64-fedora-clang | 1.1 | 147.00 | 134.44 | 281.44 | NOTE | |
| r-devel-linux-x86_64-fedora-gcc | 1.1 | 60.00 | 224.71 | 284.71 | NOTE | |
| r-devel-windows-x86_64 | 1.1 | 45.00 | 183.00 | 228.00 | OK | |
| r-patched-linux-x86_64 | 1.1 | 29.37 | 151.62 | 180.99 | OK | |
| r-release-linux-x86_64 | 1.1 | 28.67 | 145.16 | 173.83 | OK | |
| r-release-macos-arm64 | 1.1 | 11.00 | 88.00 | 99.00 | OK | |
| r-release-macos-x86_64 | 1.1 | 23.00 | 209.00 | 232.00 | OK | |
| r-release-windows-x86_64 | 1.1 | 38.00 | 171.00 | 209.00 | OK | |
| r-oldrel-macos-arm64 | 1.1 | 13.00 | 86.00 | 99.00 | NOTE | |
| r-oldrel-macos-x86_64 | 1.1 | 32.00 | 177.00 | 209.00 | NOTE | |
| r-oldrel-windows-x86_64 | 1.1 | 41.00 | 236.00 | 277.00 | OK |
Version: 1.1
Check: dependencies in R code
Result: NOTE
Namespaces in Imports field not imported from:
‘ggplot2’ ‘knitr’ ‘purrr’ ‘rmarkdown’
All declared Imports should be used.
Flavors: r-devel-linux-x86_64-fedora-clang, r-devel-linux-x86_64-fedora-gcc
Version: 1.1
Check: installed package size
Result: NOTE
installed size is 11.4Mb
sub-directories of 1Mb or more:
data 1.8Mb
libs 9.1Mb
Flavors: r-oldrel-macos-arm64, r-oldrel-macos-x86_64