Last updated on 2025-05-18 01:50:32 CEST.
Flavor | Version | Tinstall | Tcheck | Ttotal | Status | Flags |
---|---|---|---|---|---|---|
r-devel-linux-x86_64-debian-clang | 1.2.0 | 84.46 | 91.47 | 175.93 | OK | |
r-devel-linux-x86_64-debian-gcc | 1.2.0 | 58.20 | 71.74 | 129.94 | OK | |
r-devel-linux-x86_64-fedora-clang | 1.2.0 | 340.99 | OK | |||
r-devel-linux-x86_64-fedora-gcc | 1.2.0 | 334.23 | OK | |||
r-devel-windows-x86_64 | 1.2.0 | 111.00 | 127.00 | 238.00 | OK | |
r-patched-linux-x86_64 | 1.2.0 | 77.17 | 88.39 | 165.56 | OK | |
r-release-linux-x86_64 | 1.2.0 | 77.83 | 88.09 | 165.92 | OK | |
r-release-macos-arm64 | 1.2.0 | 119.00 | OK | |||
r-release-macos-x86_64 | 1.2.0 | 175.00 | OK | |||
r-release-windows-x86_64 | 1.2.0 | 2.00 | 6.00 | 8.00 | ERROR | |
r-oldrel-macos-arm64 | 1.2.0 | 8.00 | OK | |||
r-oldrel-macos-x86_64 | 1.2.0 | 295.00 | OK | |||
r-oldrel-windows-x86_64 | 1.2.0 | 111.00 | 152.00 | 263.00 | OK |
Version: 1.2.0
Check: whether package can be installed
Result: ERROR
Installation failed.
Flavor: r-release-windows-x86_64