Last updated on 2025-07-18 01:49:18 CEST.
Flavor | Version | Tinstall | Tcheck | Ttotal | Status | Flags |
---|---|---|---|---|---|---|
r-devel-linux-x86_64-debian-clang | 2.0 | 6.51 | 57.89 | 64.40 | NOTE | |
r-devel-linux-x86_64-debian-gcc | 2.0 | 4.95 | 43.51 | 48.46 | NOTE | |
r-devel-linux-x86_64-fedora-clang | 2.0 | 97.09 | OK | |||
r-devel-linux-x86_64-fedora-gcc | 2.0 | 94.30 | OK | |||
r-devel-windows-x86_64 | 2.0 | 8.00 | 71.00 | 79.00 | OK | |
r-patched-linux-x86_64 | 2.0 | 6.28 | 55.48 | 61.76 | OK | |
r-release-linux-x86_64 | 2.0 | 5.69 | 55.15 | 60.84 | OK | |
r-release-macos-arm64 | 2.0 | 36.00 | OK | |||
r-release-macos-x86_64 | 2.0 | 56.00 | OK | |||
r-release-windows-x86_64 | 2.0 | 8.00 | 69.00 | 77.00 | OK | |
r-oldrel-macos-arm64 | 2.0 | 33.00 | OK | |||
r-oldrel-macos-x86_64 | 2.0 | 61.00 | OK | |||
r-oldrel-windows-x86_64 | 2.0 | 10.00 | 87.00 | 97.00 | OK |
Version: 2.0
Check: CRAN incoming feasibility
Result: NOTE
Maintainer: ‘Glenna Nightingale <glenna.evans@gmail.com>’
No Authors@R field in DESCRIPTION.
Please add one, modifying
Authors@R: person(given = "Glenna",
family = "Nightingale",
role = c("aut", "cre"),
email = "glenna.evans@gmail.com")
as necessary.
Flavors: r-devel-linux-x86_64-debian-clang, r-devel-linux-x86_64-debian-gcc