Last updated on 2025-10-23 11:50:17 CEST.
Flavor | Version | Tinstall | Tcheck | Ttotal | Status | Flags |
---|---|---|---|---|---|---|
r-devel-linux-x86_64-debian-clang | 0.1.0 | 20.17 | 39.26 | 59.43 | OK | |
r-devel-linux-x86_64-debian-gcc | 0.1.0 | 11.92 | 28.84 | 40.76 | OK | |
r-devel-linux-x86_64-fedora-clang | 0.1.0 | 39.00 | 67.51 | 106.51 | NOTE | |
r-devel-linux-x86_64-fedora-gcc | 0.1.0 | 40.00 | 64.66 | 104.66 | NOTE | |
r-devel-windows-x86_64 | 0.1.0 | 24.00 | 74.00 | 98.00 | OK | |
r-patched-linux-x86_64 | 0.1.0 | 19.19 | 37.11 | 56.30 | OK | |
r-release-linux-x86_64 | 0.1.0 | 18.72 | 36.83 | 55.55 | OK | |
r-release-macos-arm64 | 0.1.0 | 8.00 | 36.00 | 44.00 | OK | |
r-release-macos-x86_64 | 0.1.0 | 12.00 | 51.00 | 63.00 | OK | |
r-release-windows-x86_64 | 0.1.0 | 25.00 | 71.00 | 96.00 | OK | |
r-oldrel-macos-arm64 | 0.1.0 | 7.00 | 55.00 | 62.00 | OK | |
r-oldrel-macos-x86_64 | 0.1.0 | 15.00 | 100.00 | 115.00 | OK | |
r-oldrel-windows-x86_64 | 0.1.0 | 30.00 | 87.00 | 117.00 | OK |
Version: 0.1.0
Check: dependencies in R code
Result: NOTE
Namespace in Imports field not imported from: ‘RcppArmadillo’
All declared Imports should be used.
Flavors: r-devel-linux-x86_64-fedora-clang, r-devel-linux-x86_64-fedora-gcc