CRAN Package Check Results for Package linkeR

Last updated on 2025-11-16 18:49:34 CET.

Flavor Version Tinstall Tcheck Ttotal Status Flags
r-devel-linux-x86_64-debian-clang 0.1.3 4.35 60.01 64.36 OK
r-devel-linux-x86_64-debian-gcc 0.1.3 3.03 46.27 49.30 NOTE
r-devel-linux-x86_64-fedora-clang 0.1.3 18.00 85.22 103.22 OK
r-devel-linux-x86_64-fedora-gcc 0.1.3 109.69 OK
r-devel-windows-x86_64 0.1.3 8.00 78.00 86.00 OK
r-patched-linux-x86_64 0.1.3 3.78 56.21 59.99 OK
r-release-linux-x86_64 0.1.3 3.96 56.35 60.31 OK
r-release-macos-arm64 0.1.3 2.00 39.00 41.00 OK
r-release-macos-x86_64 0.1.3 4.00 69.00 73.00 OK
r-release-windows-x86_64 0.1.3 7.00 78.00 85.00 OK
r-oldrel-macos-arm64 0.1.3 2.00 44.00 46.00 OK
r-oldrel-macos-x86_64 0.1.3 4.00 82.00 86.00 OK
r-oldrel-windows-x86_64 0.1.3 8.00 92.00 100.00 OK

Check Details

Version: 0.1.3
Check: CRAN incoming feasibility
Result: NOTE Maintainer: ‘Jake Wagoner <jakew@sci.utah.edu>’ The BugReports field in DESCRIPTION has https://github.com/EpiForeSITE/linkeR/issues/ which should likely be https://github.com/EpiForeSITE/linkeR/issues/issues instead. Flavor: r-devel-linux-x86_64-debian-gcc