Last updated on 2025-04-29 13:51:29 CEST.
Flavor | Version | Tinstall | Tcheck | Ttotal | Status | Flags |
---|---|---|---|---|---|---|
r-devel-linux-x86_64-debian-clang | 1.4-0 | 10.28 | 22.47 | 32.75 | NOTE | |
r-devel-linux-x86_64-debian-gcc | 1.4-0 | 8.47 | 18.16 | 26.63 | NOTE | |
r-devel-linux-x86_64-fedora-clang | 1.4-0 | 46.41 | NOTE | |||
r-devel-linux-x86_64-fedora-gcc | 1.4-0 | 46.52 | NOTE | |||
r-devel-windows-x86_64 | 1.4-0 | 25.00 | 52.00 | 77.00 | OK | |
r-patched-linux-x86_64 | 1.4-0 | 9.37 | 21.49 | 30.86 | OK | |
r-release-linux-x86_64 | 1.4-0 | 8.69 | 21.54 | 30.23 | OK | |
r-release-macos-arm64 | 1.4-0 | 23.00 | OK | |||
r-release-macos-x86_64 | 1.4-0 | 40.00 | OK | |||
r-release-windows-x86_64 | 1.4-0 | 26.00 | 53.00 | 79.00 | OK | |
r-oldrel-macos-arm64 | 1.4-0 | 21.00 | OK | |||
r-oldrel-macos-x86_64 | 1.4-0 | 34.00 | OK | |||
r-oldrel-windows-x86_64 | 1.4-0 | 23.00 | 50.00 | 73.00 | OK |
Version: 1.4-0
Check: CRAN incoming feasibility
Result: NOTE
Maintainer: ‘Ryan Gill <ryan.gill@louisville.edu>’
No Authors@R field in DESCRIPTION.
Please add one, modifying
Authors@R: c(person(given = "Michal",
family = "Czajkowski",
role = "aut"),
person(given = "Ryan",
family = "Gill",
role = c("aut", "cre"),
email = "ryan.gill@louisville.edu"),
person(given = "Greg",
family = "Rempala",
role = "aut"))
as necessary.
Flavors: r-devel-linux-x86_64-debian-clang, r-devel-linux-x86_64-debian-gcc
Version: 1.4-0
Check: compiled code
Result: NOTE
File ‘ljr/libs/ljr.so’:
Found no calls to: ‘R_registerRoutines’, ‘R_useDynamicSymbols’
It is good practice to register native routines and to disable symbol
search.
See ‘Writing portable packages’ in the ‘Writing R Extensions’ manual.
Flavors: r-devel-linux-x86_64-fedora-clang, r-devel-linux-x86_64-fedora-gcc