Last updated on 2024-07-13 05:49:17 CEST.
Flavor | Version | Tinstall | Tcheck | Ttotal | Status | Flags |
---|---|---|---|---|---|---|
r-devel-linux-x86_64-debian-clang | 2.1.0 | 6.81 | 51.89 | 58.70 | OK | |
r-devel-linux-x86_64-debian-gcc | 2.1.0 | 4.58 | 39.20 | 43.78 | OK | |
r-devel-linux-x86_64-fedora-clang | 2.1.0 | 76.09 | NOTE | |||
r-devel-linux-x86_64-fedora-gcc | 2.1.0 | 82.18 | NOTE | |||
r-devel-windows-x86_64 | 2.1.0 | 6.00 | 85.00 | 91.00 | OK | |
r-patched-linux-x86_64 | 2.1.0 | 7.03 | 50.17 | 57.20 | OK | |
r-release-linux-x86_64 | 2.1.0 | 5.09 | 50.11 | 55.20 | OK | |
r-release-macos-arm64 | 2.1.0 | 32.00 | OK | |||
r-release-macos-x86_64 | 2.1.0 | 80.00 | OK | |||
r-release-windows-x86_64 | 2.1.0 | 8.00 | 85.00 | 93.00 | OK | |
r-oldrel-macos-arm64 | 2.1.0 | 35.00 | OK | |||
r-oldrel-macos-x86_64 | 2.1.0 | 49.00 | OK | |||
r-oldrel-windows-x86_64 | 2.1.0 | 8.00 | 82.00 | 90.00 | OK |
Version: 2.1.0
Check: compiled code
Result: NOTE
File ‘lmPerm/libs/lmPerm.so’:
Found no calls to: ‘R_registerRoutines’, ‘R_useDynamicSymbols’
It is good practice to register native routines and to disable symbol
search.
See ‘Writing portable packages’ in the ‘Writing R Extensions’ manual.
Flavors: r-devel-linux-x86_64-fedora-clang, r-devel-linux-x86_64-fedora-gcc