Last updated on 2025-11-16 12:49:35 CET.
| Flavor | Version | Tinstall | Tcheck | Ttotal | Status | Flags |
|---|---|---|---|---|---|---|
| r-devel-linux-x86_64-debian-clang | 0.2.4 | 23.48 | 200.12 | 223.60 | OK | |
| r-devel-linux-x86_64-debian-gcc | 0.2.4 | 17.66 | 145.37 | 163.03 | NOTE | |
| r-devel-linux-x86_64-fedora-clang | 0.2.4 | 51.00 | 307.83 | 358.83 | OK | |
| r-devel-linux-x86_64-fedora-gcc | 0.2.4 | 48.00 | 282.77 | 330.77 | OK | |
| r-devel-windows-x86_64 | 0.2.4 | 25.00 | 170.00 | 195.00 | OK | |
| r-patched-linux-x86_64 | 0.2.4 | 22.69 | 193.74 | 216.43 | OK | |
| r-release-linux-x86_64 | 0.2.4 | 22.14 | 193.35 | 215.49 | OK | |
| r-release-macos-arm64 | 0.2.4 | 16.00 | 88.00 | 104.00 | OK | |
| r-release-macos-x86_64 | 0.2.4 | 25.00 | 191.00 | 216.00 | OK | |
| r-release-windows-x86_64 | 0.2.4 | 22.00 | 170.00 | 192.00 | OK | |
| r-oldrel-macos-arm64 | 0.2.4 | 10.00 | 72.00 | 82.00 | OK | |
| r-oldrel-macos-x86_64 | 0.2.4 | 16.00 | 149.00 | 165.00 | OK | |
| r-oldrel-windows-x86_64 | 0.2.4 | 30.00 | 221.00 | 251.00 | OK |
Version: 0.2.4
Check: CRAN incoming feasibility
Result: NOTE
Maintainer: ‘Zhi Huang <hz9423@gmail.com>’
The BugReports field in DESCRIPTION has
https://github.com/huangzhii/lmQCM/issues/
which should likely be
https://github.com/huangzhii/lmQCM/issues/issues
instead.
Flavor: r-devel-linux-x86_64-debian-gcc